20.104.244.165 - - [16/Jun/2026:11:22:41 +0000] "GET /wp-themes.php HTTP/1.1" 404 194 "-" "Mozilla/5.0 (Windows NT 10.0; Win64; x64) AppleWebKit/537.36 (KHTML, like Gecko) Chrome/120.0.0.0 Safari/537.36"
20.104.244.165 - - [16/Jun/2026:11:22:42 +0000] "GET /xda.php HTTP/1.1" 404 194 "-" "Mozilla/5.0 (Windows NT 10.0; Win64; x64) AppleWebKit/537.36 (KHTML, like Gecko) Chrome/120.0.0.0 Safari/537.36"
20.104.244.165 - - [16/Jun/2026:11:22:42 +0000] "GET /.trash7206/index.php HTTP/1.1" 404 194 "-" "Mozilla/5.0 (Windows NT 10.0; Win64; x64) AppleWebKit/537.36 (KHTML, like Gecko) Chrome/120.0.0.0 Safari/537.36"
20.104.244.165 - - [16/Jun/2026:11:22:42 +0000] "GET /doc.php HTTP/1.1" 404 194 "-" "Mozilla/5.0 (Windows NT 10.0; Win64; x64) AppleWebKit/537.36 (KHTML, like Gecko) Chrome/120.0.0.0 Safari/537.36"
20.104.244.165 - - [16/Jun/2026:11:22:42 +0000] "GET /storage/index.php HTTP/1.1" 404 194 "-" "Mozilla/5.0 (Windows NT 10.0; Win64; x64) AppleWebKit/537.36 (KHTML, like Gecko) Chrome/120.0.0.0 Safari/537.36"
20.104.244.165 - - [16/Jun/2026:11:22:42 +0000] "GET /wp-content.php HTTP/1.1" 404 194 "-" "Mozilla/5.0 (Windows NT 10.0; Win64; x64) AppleWebKit/537.36 (KHTML, like Gecko) Chrome/120.0.0.0 Safari/537.36"
20.104.244.165 - - [16/Jun/2026:11:22:42 +0000] "GET /wp-includes/ID3/index.php HTTP/1.1" 403 193 "-" "Mozilla/5.0 (Windows NT 10.0; Win64; x64) AppleWebKit/537.36 (KHTML, like Gecko) Chrome/120.0.0.0 Safari/537.36"
20.104.244.165 - - [16/Jun/2026:11:22:42 +0000] "GET /wp-includes/block-bindings/ HTTP/1.1" 403 193 "-" "Mozilla/5.0 (Windows NT 10.0; Win64; x64) AppleWebKit/537.36 (KHTML, like Gecko) Chrome/120.0.0.0 Safari/537.36"
20.104.244.165 - - [16/Jun/2026:11:22:42 +0000] "GET /wp-includes/images/ HTTP/1.1" 403 193 "-" "Mozilla/5.0 (Windows NT 10.0; Win64; x64) AppleWebKit/537.36 (KHTML, like Gecko) Chrome/120.0.0.0 Safari/537.36"
20.104.244.165 - - [16/Jun/2026:11:22:43 +0000] "GET /wp-includes/min.php HTTP/1.1" 403 193 "-" "Mozilla/5.0 (Windows NT 10.0; Win64; x64) AppleWebKit/537.36 (KHTML, like Gecko) Chrome/120.0.0.0 Safari/537.36"
20.104.244.165 - - [16/Jun/2026:11:22:43 +0000] "GET /cache.php HTTP/1.1" 404 194 "-" "Mozilla/5.0 (Windows NT 10.0; Win64; x64) AppleWebKit/537.36 (KHTML, like Gecko) Chrome/120.0.0.0 Safari/537.36"
20.104.244.165 - - [16/Jun/2026:11:22:43 +0000] "GET /filemanager.php HTTP/1.1" 404 194 "-" "Mozilla/5.0 (Windows NT 10.0; Win64; x64) AppleWebKit/537.36 (KHTML, like Gecko) Chrome/120.0.0.0 Safari/537.36"
20.104.244.165 - - [16/Jun/2026:11:22:43 +0000] "GET /wp-blog.php HTTP/1.1" 404 194 "-" "Mozilla/5.0 (Windows NT 10.0; Win64; x64) AppleWebKit/537.36 (KHTML, like Gecko) Chrome/120.0.0.0 Safari/537.36"
20.104.244.165 - - [16/Jun/2026:11:22:43 +0000] "GET /wp-includes/ID3/ HTTP/1.1" 403 193 "-" "Mozilla/5.0 (Windows NT 10.0; Win64; x64) AppleWebKit/537.36 (KHTML, like Gecko) Chrome/120.0.0.0 Safari/537.36"
20.104.244.165 - - [16/Jun/2026:11:22:43 +0000] "GET /xmlrpc.php HTTP/1.1" 403 193 "-" "Mozilla/5.0 (Windows NT 10.0; Win64; x64) AppleWebKit/537.36 (KHTML, like Gecko) Chrome/120.0.0.0 Safari/537.36"
20.104.244.165 - - [16/Jun/2026:11:22:43 +0000] "GET /cd.php HTTP/1.1" 404 194 "-" "Mozilla/5.0 (Windows NT 10.0; Win64; x64) AppleWebKit/537.36 (KHTML, like Gecko) Chrome/120.0.0.0 Safari/537.36"
20.104.244.165 - - [16/Jun/2026:11:22:43 +0000] "GET /css.php HTTP/1.1" 404 194 "-" "Mozilla/5.0 (Windows NT 10.0; Win64; x64) AppleWebKit/537.36 (KHTML, like Gecko) Chrome/120.0.0.0 Safari/537.36"
20.104.244.165 - - [16/Jun/2026:11:22:43 +0000] "GET /lu4.php HTTP/1.1" 404 194 "-" "Mozilla/5.0 (Windows NT 10.0; Win64; x64) AppleWebKit/537.36 (KHTML, like Gecko) Chrome/120.0.0.0 Safari/537.36"
20.104.244.165 - - [16/Jun/2026:11:22:44 +0000] "GET /wp-admin/css/colors/blue/index.php HTTP/1.1" 404 194 "-" "Mozilla/5.0 (Windows NT 10.0; Win64; x64) AppleWebKit/537.36 (KHTML, like Gecko) Chrome/120.0.0.0 Safari/537.36"
20.104.244.165 - - [16/Jun/2026:11:22:44 +0000] "GET /wp-content/plugins/index.php HTTP/1.1" 403 193 "-" "Mozilla/5.0 (Windows NT 10.0; Win64; x64) AppleWebKit/537.36 (KHTML, like Gecko) Chrome/120.0.0.0 Safari/537.36"
20.104.244.165 - - [16/Jun/2026:11:22:44 +0000] "GET /wp-content/upgrade/index.php HTTP/1.1" 403 193 "-" "Mozilla/5.0 (Windows NT 10.0; Win64; x64) AppleWebKit/537.36 (KHTML, like Gecko) Chrome/120.0.0.0 Safari/537.36"
20.104.244.165 - - [16/Jun/2026:11:22:44 +0000] "GET /.well-known/gecko-litespeed.php HTTP/1.1" 404 194 "-" "Mozilla/5.0 (Windows NT 10.0; Win64; x64) AppleWebKit/537.36 (KHTML, like Gecko) Chrome/120.0.0.0 Safari/537.36"
20.104.244.165 - - [16/Jun/2026:11:22:44 +0000] "GET /ant.php HTTP/1.1" 404 194 "-" "Mozilla/5.0 (Windows NT 10.0; Win64; x64) AppleWebKit/537.36 (KHTML, like Gecko) Chrome/120.0.0.0 Safari/537.36"
20.104.244.165 - - [16/Jun/2026:11:22:44 +0000] "GET /autoload_classmap.php HTTP/1.1" 404 194 "-" "Mozilla/5.0 (Windows NT 10.0; Win64; x64) AppleWebKit/537.36 (KHTML, like Gecko) Chrome/120.0.0.0 Safari/537.36"
20.104.244.165 - - [16/Jun/2026:11:22:44 +0000] "GET /storage/rip.php HTTP/1.1" 404 194 "-" "Mozilla/5.0 (Windows NT 10.0; Win64; x64) AppleWebKit/537.36 (KHTML, like Gecko) Chrome/120.0.0.0 Safari/537.36"
151.243.150.40 - - [16/Jun/2026:11:22:44 +0000] "GET /BSW_cxttongr.htm HTTP/1.1" 404 15424 "-" "Mozilla/5.0 (Macintosh; Intel Mac OS X 10_15) AppleWebKit/605.1.15 (KHTML, like Gecko) Version/13.0.1 Safari/605.1.15"
20.104.244.165 - - [16/Jun/2026:11:22:44 +0000] "GET /tinyfilemanager.php HTTP/1.1" 404 194 "-" "Mozilla/5.0 (Windows NT 10.0; Win64; x64) AppleWebKit/537.36 (KHTML, like Gecko) Chrome/120.0.0.0 Safari/537.36"
20.104.244.165 - - [16/Jun/2026:11:22:45 +0000] "GET /wp-includes/bk/ HTTP/1.1" 404 15424 "-" "Mozilla/5.0 (Windows NT 10.0; Win64; x64) AppleWebKit/537.36 (KHTML, like Gecko) Chrome/120.0.0.0 Safari/537.36"
20.104.244.165 - - [16/Jun/2026:11:22:45 +0000] "GET /403.php HTTP/1.1" 404 194 "-" "Mozilla/5.0 (Windows NT 10.0; Win64; x64) AppleWebKit/537.36 (KHTML, like Gecko) Chrome/120.0.0.0 Safari/537.36"
20.104.244.165 - - [16/Jun/2026:11:22:45 +0000] "GET /av.php HTTP/1.1" 404 194 "-" "Mozilla/5.0 (Windows NT 10.0; Win64; x64) AppleWebKit/537.36 (KHTML, like Gecko) Chrome/120.0.0.0 Safari/537.36"
20.104.244.165 - - [16/Jun/2026:11:22:45 +0000] "GET /tool.php HTTP/1.1" 404 194 "-" "Mozilla/5.0 (Windows NT 10.0; Win64; x64) AppleWebKit/537.36 (KHTML, like Gecko) Chrome/120.0.0.0 Safari/537.36"
20.104.244.165 - - [16/Jun/2026:11:22:46 +0000] "GET /wp-admin/includes/ HTTP/1.1" 403 193 "-" "Mozilla/5.0 (Windows NT 10.0; Win64; x64) AppleWebKit/537.36 (KHTML, like Gecko) Chrome/120.0.0.0 Safari/537.36"
151.243.150.40 - - [16/Jun/2026:11:22:46 +0000] "GET /servlet/codesettree?flag=c&status=1&codesetid=1&parentid=-1&categories=~31~27~20union~20all~20select~20~27hongjing~27~2c~40~40version~2d~2d HTTP/1.1" 404 15424 "-" "Mozilla/5.0 (Ubuntu; Linux i686) AppleWebKit/537.36 (KHTML, like Gecko) Chrome/135.0.0.0 Safari/537.36"
20.104.244.165 - - [16/Jun/2026:11:22:46 +0000] "GET /wp-admin/index.php HTTP/1.1" 302 5 "-" "Mozilla/5.0 (Windows NT 10.0; Win64; x64) AppleWebKit/537.36 (KHTML, like Gecko) Chrome/120.0.0.0 Safari/537.36"
20.104.244.165 - - [16/Jun/2026:11:22:46 +0000] "GET /wp-content/plugins/core-plugin/include.php HTTP/1.1" 403 193 "-" "Mozilla/5.0 (Windows NT 10.0; Win64; x64) AppleWebKit/537.36 (KHTML, like Gecko) Chrome/120.0.0.0 Safari/537.36"
20.104.244.165 - - [16/Jun/2026:11:22:46 +0000] "GET /wp-content/themes/pridmag/b.php HTTP/1.1" 403 193 "-" "Mozilla/5.0 (Windows NT 10.0; Win64; x64) AppleWebKit/537.36 (KHTML, like Gecko) Chrome/120.0.0.0 Safari/537.36"
20.104.244.165 - - [16/Jun/2026:11:22:46 +0000] "GET /wp-includes/ HTTP/1.1" 403 193 "-" "Mozilla/5.0 (Windows NT 10.0; Win64; x64) AppleWebKit/537.36 (KHTML, like Gecko) Chrome/120.0.0.0 Safari/537.36"
20.104.244.165 - - [16/Jun/2026:11:22:47 +0000] "GET /wp-trackback.php HTTP/1.1" 404 160 "-" "Mozilla/5.0 (Windows NT 10.0; Win64; x64) AppleWebKit/537.36 (KHTML, like Gecko) Chrome/120.0.0.0 Safari/537.36"
20.104.244.165 - - [16/Jun/2026:11:22:47 +0000] "GET /ws.php HTTP/1.1" 404 194 "-" "Mozilla/5.0 (Windows NT 10.0; Win64; x64) AppleWebKit/537.36 (KHTML, like Gecko) Chrome/120.0.0.0 Safari/537.36"
151.243.150.40 - - [16/Jun/2026:11:22:47 +0000] "POST /javax.faces.resource/dynamiccontent.properties.xhtml HTTP/1.1" 404 15424 "-" "Mozilla/5.0 (Macintosh; Intel Mac OS X 10_14_6) AppleWebKit/605.1.15 (KHTML, like Gecko) Version/13.0.2 Safari/605.1.15"
151.243.150.40 - - [16/Jun/2026:11:22:47 +0000] "POST /RPC2 HTTP/1.1" 404 15424 "-" "Mozilla/5.0 (Macintosh; Intel Mac OS X 10_15_7) AppleWebKit/605.1.15 (KHTML, like Gecko) Version/17.8.1 Mobile/15E148 Safari/604.1"
151.243.150.40 - - [16/Jun/2026:11:22:48 +0000] "GET /esp/cms_changeDeviceContext.esp?device=aaaaa:a%27\x22;user|s.\x221337\x22; HTTP/1.1" 404 15424 "-" "Mozilla/5.0 (X11; Linux x86_64) AppleWebKit/537.36 (KHTML, like Gecko) Chrome/114.0.0.0 Safari/537.36"
20.104.244.165 - - [16/Jun/2026:11:22:48 +0000] "GET /.bod/.ll/ HTTP/1.1" 404 15424 "-" "Mozilla/5.0 (Windows NT 10.0; Win64; x64) AppleWebKit/537.36 (KHTML, like Gecko) Chrome/120.0.0.0 Safari/537.36"
151.243.150.40 - - [16/Jun/2026:11:22:48 +0000] "POST / HTTP/1.1" 200 17296 "-" "Mozilla/5.0 (Macintosh; Intel Mac OS X 10_15_6) AppleWebKit/605.1.15 (KHTML, like Gecko) Version/15.6,2 Safari/605.1.15"
20.104.244.165 - - [16/Jun/2026:11:22:48 +0000] "GET /0.php HTTP/1.1" 404 194 "-" "Mozilla/5.0 (Windows NT 10.0; Win64; x64) AppleWebKit/537.36 (KHTML, like Gecko) Chrome/120.0.0.0 Safari/537.36"
20.104.244.165 - - [16/Jun/2026:11:22:48 +0000] "GET /1index.php HTTP/1.1" 404 194 "-" "Mozilla/5.0 (Windows NT 10.0; Win64; x64) AppleWebKit/537.36 (KHTML, like Gecko) Chrome/120.0.0.0 Safari/537.36"
20.104.244.165 - - [16/Jun/2026:11:22:48 +0000] "GET /autoload_classmap/function.php HTTP/1.1" 404 194 "-" "Mozilla/5.0 (Windows NT 10.0; Win64; x64) AppleWebKit/537.36 (KHTML, like Gecko) Chrome/120.0.0.0 Safari/537.36"
20.104.244.165 - - [16/Jun/2026:11:22:48 +0000] "GET /dvve.php HTTP/1.1" 404 194 "-" "Mozilla/5.0 (Windows NT 10.0; Win64; x64) AppleWebKit/537.36 (KHTML, like Gecko) Chrome/120.0.0.0 Safari/537.36"
151.243.150.40 - - [16/Jun/2026:11:22:48 +0000] "GET /KaseyaCwWebService/ManagedIT.asmx HTTP/1.1" 404 15424 "-" "Mozilla/5.0 (Windows NT 10.0; Win64; x64; WOW64; rv:41.0) Gecko/20100101 Firefox/140.0.4 (x64 de)"
20.104.244.165 - - [16/Jun/2026:11:22:48 +0000] "GET /wp-includes/PHPMailer/ HTTP/1.1" 403 193 "-" "Mozilla/5.0 (Windows NT 10.0; Win64; x64) AppleWebKit/537.36 (KHTML, like Gecko) Chrome/120.0.0.0 Safari/537.36"
20.104.244.165 - - [16/Jun/2026:11:22:48 +0000] "GET /ws77.php HTTP/1.1" 404 194 "-" "Mozilla/5.0 (Windows NT 10.0; Win64; x64) AppleWebKit/537.36 (KHTML, like Gecko) Chrome/120.0.0.0 Safari/537.36"
20.104.244.165 - - [16/Jun/2026:11:22:49 +0000] "GET /.well-known/acme-challenge/index.php HTTP/1.1" 404 194 "-" "Mozilla/5.0 (Windows NT 10.0; Win64; x64) AppleWebKit/537.36 (KHTML, like Gecko) Chrome/120.0.0.0 Safari/537.36"
20.104.244.165 - - [16/Jun/2026:11:22:49 +0000] "GET /admin/function.php HTTP/1.1" 404 194 "-" "Mozilla/5.0 (Windows NT 10.0; Win64; x64) AppleWebKit/537.36 (KHTML, like Gecko) Chrome/120.0.0.0 Safari/537.36"
20.104.244.165 - - [16/Jun/2026:11:22:49 +0000] "GET /wp-admin/css/index.php HTTP/1.1" 404 194 "-" "Mozilla/5.0 (Windows NT 10.0; Win64; x64) AppleWebKit/537.36 (KHTML, like Gecko) Chrome/120.0.0.0 Safari/537.36"
20.104.244.165 - - [16/Jun/2026:11:22:49 +0000] "GET /wp-includes/css/ HTTP/1.1" 403 193 "-" "Mozilla/5.0 (Windows NT 10.0; Win64; x64) AppleWebKit/537.36 (KHTML, like Gecko) Chrome/120.0.0.0 Safari/537.36"
20.104.244.165 - - [16/Jun/2026:11:22:49 +0000] "GET /xx.php HTTP/1.1" 404 194 "-" "Mozilla/5.0 (Windows NT 10.0; Win64; x64) AppleWebKit/537.36 (KHTML, like Gecko) Chrome/120.0.0.0 Safari/537.36"
20.104.244.165 - - [16/Jun/2026:11:22:49 +0000] "GET /wp-content/about.php HTTP/1.1" 403 193 "-" "Mozilla/5.0 (Windows NT 10.0; Win64; x64) AppleWebKit/537.36 (KHTML, like Gecko) Chrome/120.0.0.0 Safari/537.36"
20.104.244.165 - - [16/Jun/2026:11:22:49 +0000] "GET /wp-includes/assets/index.php HTTP/1.1" 403 193 "-" "Mozilla/5.0 (Windows NT 10.0; Win64; x64) AppleWebKit/537.36 (KHTML, like Gecko) Chrome/120.0.0.0 Safari/537.36"
20.104.244.165 - - [16/Jun/2026:11:22:49 +0000] "GET /wp-the.php HTTP/1.1" 404 194 "-" "Mozilla/5.0 (Windows NT 10.0; Win64; x64) AppleWebKit/537.36 (KHTML, like Gecko) Chrome/120.0.0.0 Safari/537.36"
151.243.150.40 - - [16/Jun/2026:11:22:50 +0000] "POST / HTTP/1.1" 200 17296 "-" "Mozilla/5.0 (X11; Linux i686; rv:1.9.6.20) Gecko/ Firefox/3.6.16"
20.104.244.165 - - [16/Jun/2026:11:22:50 +0000] "GET /ws81.php HTTP/1.1" 404 194 "-" "Mozilla/5.0 (Windows NT 10.0; Win64; x64) AppleWebKit/537.36 (KHTML, like Gecko) Chrome/120.0.0.0 Safari/537.36"
20.104.244.165 - - [16/Jun/2026:11:22:50 +0000] "GET /3.php HTTP/1.1" 404 194 "-" "Mozilla/5.0 (Windows NT 10.0; Win64; x64) AppleWebKit/537.36 (KHTML, like Gecko) Chrome/120.0.0.0 Safari/537.36"
20.104.244.165 - - [16/Jun/2026:11:22:50 +0000] "GET /a1.php HTTP/1.1" 404 194 "-" "Mozilla/5.0 (Windows NT 10.0; Win64; x64) AppleWebKit/537.36 (KHTML, like Gecko) Chrome/120.0.0.0 Safari/537.36"
20.104.244.165 - - [16/Jun/2026:11:22:50 +0000] "GET /ca5.php HTTP/1.1" 404 194 "-" "Mozilla/5.0 (Windows NT 10.0; Win64; x64) AppleWebKit/537.36 (KHTML, like Gecko) Chrome/120.0.0.0 Safari/537.36"
20.104.244.165 - - [16/Jun/2026:11:22:50 +0000] "GET /install.php HTTP/1.1" 404 194 "-" "Mozilla/5.0 (Windows NT 10.0; Win64; x64) AppleWebKit/537.36 (KHTML, like Gecko) Chrome/120.0.0.0 Safari/537.36"
20.104.244.165 - - [16/Jun/2026:11:22:50 +0000] "GET /radio.php HTTP/1.1" 404 194 "-" "Mozilla/5.0 (Windows NT 10.0; Win64; x64) AppleWebKit/537.36 (KHTML, like Gecko) Chrome/120.0.0.0 Safari/537.36"
20.104.244.165 - - [16/Jun/2026:11:22:50 +0000] "GET /wp-admin/css/colors/modern/ HTTP/1.1" 403 193 "-" "Mozilla/5.0 (Windows NT 10.0; Win64; x64) AppleWebKit/537.36 (KHTML, like Gecko) Chrome/120.0.0.0 Safari/537.36"
20.104.244.165 - - [16/Jun/2026:11:22:50 +0000] "GET /wp-signin.php HTTP/1.1" 404 194 "-" "Mozilla/5.0 (Windows NT 10.0; Win64; x64) AppleWebKit/537.36 (KHTML, like Gecko) Chrome/120.0.0.0 Safari/537.36"
20.104.244.165 - - [16/Jun/2026:11:22:51 +0000] "GET /Ov-Simple1.php HTTP/1.1" 404 194 "-" "Mozilla/5.0 (Windows NT 10.0; Win64; x64) AppleWebKit/537.36 (KHTML, like Gecko) Chrome/120.0.0.0 Safari/537.36"
20.104.244.165 - - [16/Jun/2026:11:22:51 +0000] "GET /fm.php HTTP/1.1" 404 194 "-" "Mozilla/5.0 (Windows NT 10.0; Win64; x64) AppleWebKit/537.36 (KHTML, like Gecko) Chrome/120.0.0.0 Safari/537.36"
20.104.244.165 - - [16/Jun/2026:11:22:51 +0000] "GET /ftde.php HTTP/1.1" 404 194 "-" "Mozilla/5.0 (Windows NT 10.0; Win64; x64) AppleWebKit/537.36 (KHTML, like Gecko) Chrome/120.0.0.0 Safari/537.36"
20.104.244.165 - - [16/Jun/2026:11:22:51 +0000] "GET /hplfuns.php HTTP/1.1" 404 194 "-" "Mozilla/5.0 (Windows NT 10.0; Win64; x64) AppleWebKit/537.36 (KHTML, like Gecko) Chrome/120.0.0.0 Safari/537.36"
20.104.244.165 - - [16/Jun/2026:11:22:51 +0000] "GET /log.php HTTP/1.1" 404 194 "-" "Mozilla/5.0 (Windows NT 10.0; Win64; x64) AppleWebKit/537.36 (KHTML, like Gecko) Chrome/120.0.0.0 Safari/537.36"
20.104.244.165 - - [16/Jun/2026:11:22:51 +0000] "GET /test.php HTTP/1.1" 404 194 "-" "Mozilla/5.0 (Windows NT 10.0; Win64; x64) AppleWebKit/537.36 (KHTML, like Gecko) Chrome/120.0.0.0 Safari/537.36"
20.104.244.165 - - [16/Jun/2026:11:22:51 +0000] "GET /txets.php HTTP/1.1" 404 194 "-" "Mozilla/5.0 (Windows NT 10.0; Win64; x64) AppleWebKit/537.36 (KHTML, like Gecko) Chrome/120.0.0.0 Safari/537.36"
20.104.244.165 - - [16/Jun/2026:11:22:51 +0000] "GET /wp-admin.php HTTP/1.1" 404 194 "-" "Mozilla/5.0 (Windows NT 10.0; Win64; x64) AppleWebKit/537.36 (KHTML, like Gecko) Chrome/120.0.0.0 Safari/537.36"
20.104.244.165 - - [16/Jun/2026:11:22:51 +0000] "GET /wp-admin/images/ HTTP/1.1" 403 193 "-" "Mozilla/5.0 (Windows NT 10.0; Win64; x64) AppleWebKit/537.36 (KHTML, like Gecko) Chrome/120.0.0.0 Safari/537.36"
20.104.244.165 - - [16/Jun/2026:11:22:52 +0000] "GET /wp-admin/network/ HTTP/1.1" 302 5 "-" "Mozilla/5.0 (Windows NT 10.0; Win64; x64) AppleWebKit/537.36 (KHTML, like Gecko) Chrome/120.0.0.0 Safari/537.36"
20.104.244.165 - - [16/Jun/2026:11:22:52 +0000] "GET /wp-config-sample.php HTTP/1.1" 500 2443 "-" "Mozilla/5.0 (Windows NT 10.0; Win64; x64) AppleWebKit/537.36 (KHTML, like Gecko) Chrome/120.0.0.0 Safari/537.36"
151.243.150.40 - - [16/Jun/2026:11:22:52 +0000] "GET /?XDEBUG_SESSION_START=3FC9ZTdQ2Tj51cnuMXbU2vkvPoe HTTP/1.1" 200 17356 "-" "Mozilla/5.0 (Macintosh; Intel Mac OS X 10.15; rv:133.0) Gecko/20100101 Firefox/133.0"
20.104.244.165 - - [16/Jun/2026:11:22:52 +0000] "GET /wp-content/packed.php HTTP/1.1" 403 193 "-" "Mozilla/5.0 (Windows NT 10.0; Win64; x64) AppleWebKit/537.36 (KHTML, like Gecko) Chrome/120.0.0.0 Safari/537.36"
20.104.244.165 - - [16/Jun/2026:11:22:53 +0000] "GET /wp-includes/IXR/ HTTP/1.1" 403 193 "-" "Mozilla/5.0 (Windows NT 10.0; Win64; x64) AppleWebKit/537.36 (KHTML, like Gecko) Chrome/120.0.0.0 Safari/537.36"
151.243.150.40 - - [16/Jun/2026:11:22:55 +0000] "POST / HTTP/1.1" 200 17296 "-" "Mozilla/5.0 (Macintosh; Intel Mac OS X 10_15_7) AppleWebKit/537.36 (KHTML, like Gecko) Chrome/100.0.4896.127 Safari/537.36"
185.191.171.18 - - [16/Jun/2026:11:23:45 +0000] "GET /bonus-de-bienvenue-%C3%A0-la-roulette-aucun-d%C3%A9p%C3%B4t/ HTTP/1.1" 200 17378 "-" "Mozilla/5.0 (compatible; SemrushBot/7~bl; +http://www.semrush.com/bot.html)"
144.76.80.54 - - [16/Jun/2026:11:26:07 +0000] "GET /wp-login.php HTTP/1.1" 200 3072 "-" "Mozilla/5.0 (Windows NT 10.0) AppleWebKit/537.36 (KHTML, like Gecko) Chrome/133.0.0.0 Safari/537.36"
144.76.80.54 - - [16/Jun/2026:11:26:10 +0000] "POST /wp-login.php HTTP/1.1" 200 3202 "https://abagraf.com.pl/wp-login.php" "Mozilla/5.0 (Windows NT 10.0) AppleWebKit/537.36 (KHTML, like Gecko) Chrome/133.0.0.0 Safari/537.36"
34.170.189.242 - - [16/Jun/2026:11:26:53 +0000] "GET /.env HTTP/1.1" 301 5 "-" "Mozilla/5.0 (Macintosh; Intel Mac OS X 10_15_7) AppleWebKit/537.36 (KHTML, like Gecko) Chrome/142.0.0.0 Safari/537.36"
34.170.189.242 - - [16/Jun/2026:11:26:54 +0000] "GET /.env HTTP/1.1" 404 15424 "-" "Mozilla/5.0 (Macintosh; Intel Mac OS X 10_15_7) AppleWebKit/537.36 (KHTML, like Gecko) Chrome/142.0.0.0 Safari/537.36"
151.243.150.40 - - [16/Jun/2026:11:31:07 +0000] "POST /_vti_bin/shtml.dll/_vti_rpc HTTP/1.1" 404 15424 "-" "Mozilla/5.0 (ZZ; Linux i686) AppleWebKit/537.36 (KHTML, like Gecko) Chrome/142.0.0.0 Safari/537.36"
151.243.150.40 - - [16/Jun/2026:11:31:07 +0000] "POST /_vti_bin/shtml.exe/_vti_rpc HTTP/1.1" 404 15424 "-" "Mozilla/5.0 (Windows NT 6.1; rv:33.0) Gecko/20100101 Firefox/33.0"
114.119.158.83 - - [16/Jun/2026:11:31:07 +0000] "GET /ulotki-wzor-odkryj-unikalne-projekty-reklamowe HTTP/1.1" 301 5 "https://abagraf.com.pl/ulotki-wzor-odkryj-unikalne-projekty-reklamowe" "Mozilla/5.0 (Linux; Android 7.0;) AppleWebKit/537.36 (HTML, like Gecko) Mobile Safari/537.36 (compatible; PetalBot;+https://webmaster.petalsearch.com/site/petalbot)"
114.119.158.83 - - [16/Jun/2026:11:31:08 +0000] "GET /ulotki-wzor-odkryj-unikalne-projekty-reklamowe/ HTTP/1.1" 200 21568 "https://abagraf.com.pl/ulotki-wzor-odkryj-unikalne-projekty-reklamowe" "Mozilla/5.0 (Linux; Android 7.0;) AppleWebKit/537.36 (HTML, like Gecko) Mobile Safari/537.36 (compatible; PetalBot;+https://webmaster.petalsearch.com/site/petalbot)"
151.243.150.40 - - [16/Jun/2026:11:31:10 +0000] "GET /cgi-bin/status/status.cgi HTTP/1.1" 404 15424 "() { ignored; }; echo Content-Type: text/html; echo ; /bin/cat /etc/passwd" "Mozilla/5.0 (Macintosh; Intel Mac OS X 10.15; rv:136.0) Gecko/20100101 Firefox/136.0"
151.243.150.40 - - [16/Jun/2026:11:31:10 +0000] "GET /test.cgi HTTP/1.1" 404 15424 "() { ignored; }; echo Content-Type: text/html; echo ; /bin/cat /etc/passwd" "Mozilla/5.0 (X11; Linux x86_64; rv:138.0) Gecko/20100101 Firefox/138.0"
151.243.150.40 - - [16/Jun/2026:11:31:10 +0000] "GET /cgi-bin/test HTTP/1.1" 301 5 "() { ignored; }; echo Content-Type: text/html; echo ; /bin/cat /etc/passwd" "Mozilla/5.0 (X11; Linux x86_64; rv:137.0) Gecko/20100101 Firefox/137.0"
151.243.150.40 - - [16/Jun/2026:11:31:11 +0000] "GET /cgi-bin/stats HTTP/1.1" 404 15424 "() { ignored; }; echo Content-Type: text/html; echo ; /bin/cat /etc/passwd" "Mozilla/5.0 (Windows NT 10.0; Win64; x64; rv:109.0) Gecko/20100101 Firefox/110.0"
151.243.150.40 - - [16/Jun/2026:11:31:11 +0000] "GET /cgi-bin/test.cgi HTTP/1.1" 404 15424 "() { ignored; }; echo Content-Type: text/html; echo ; /bin/cat /etc/passwd" "Mozilla/5.0 (Macintosh; Intel Mac OS X 14) AppleWebKit/620.32 (KHTML, like Gecko) Version/17.1.10 Safari/620.32"
151.243.150.40 - - [16/Jun/2026:11:31:11 +0000] "GET /cgi-bin/test-cgi HTTP/1.1" 404 15424 "() { ignored; }; echo Content-Type: text/html; echo ; /bin/cat /etc/passwd" "Mozilla/5.0 (ZZ; Linux x86_64) AppleWebKit/537.36 (KHTML, like Gecko) Chrome/139.0.0.0 Safari/537.36"
151.243.150.40 - - [16/Jun/2026:11:31:11 +0000] "GET /debug.cgi HTTP/1.1" 404 15424 "() { ignored; }; echo Content-Type: text/html; echo ; /bin/cat /etc/passwd" "Mozilla/5.0 (Fedora; Linux i686) AppleWebKit/537.36 (KHTML, like Gecko) Chrome/134.0.0.0 Safari/537.36"
151.243.150.40 - - [16/Jun/2026:11:31:11 +0000] "GET / HTTP/1.1" 200 17296 "() { ignored; }; echo Content-Type: text/html; echo ; /bin/cat /etc/passwd" "Mozilla/5.0 (Macintosh; Intel Mac OS X 10_10_5) AppleWebKit/601.1.56 (KHTML, like Gecko) Version/9.0 Safari/601.1.56"
151.243.150.40 - - [16/Jun/2026:11:31:11 +0000] "GET /cgi-bin/status HTTP/1.1" 404 15424 "() { ignored; }; echo Content-Type: text/html; echo ; /bin/cat /etc/passwd" "Mozilla/5.0 (Macintosh; Intel Mac OS X 10_15_7) AppleWebKit/537.36 (KHTML, like Gecko) Version/15.4 Safari/537.36"
151.243.150.40 - - [16/Jun/2026:11:31:14 +0000] "POST /axis2-admin/login HTTP/1.1" 404 15424 "-" "Mozilla/5.0 (Kubuntu; Linux i686) AppleWebKit/537.36 (KHTML, like Gecko) Chrome/138.0.0.0 Safari/537.36"
151.243.150.40 - - [16/Jun/2026:11:31:14 +0000] "POST /axis2/axis2-admin/login HTTP/1.1" 404 15424 "-" "Mozilla/5.0 (Macintosh; Intel Mac OS X 10.15; rv:135.0) Gecko/20100101 Firefox/135.0"
114.119.147.6 - - [16/Jun/2026:11:31:45 +0000] "GET /slots-en-ligne-populaires-et-autres-jeux-de-casino/ HTTP/1.1" 200 18294 "https://abagraf.com.pl/cena-druku-offsetowego-poznaj-wplyw-czynnikow-kosztowych/" "Mozilla/5.0 (Linux; Android 7.0;) AppleWebKit/537.36 (HTML, like Gecko) Mobile Safari/537.36 (compatible; PetalBot;+https://webmaster.petalsearch.com/site/petalbot)"
185.191.171.17 - - [16/Jun/2026:11:31:58 +0000] "GET /category/uncategorized/page/43/ HTTP/1.1" 200 17925 "-" "Mozilla/5.0 (compatible; SemrushBot/7~bl; +http://www.semrush.com/bot.html)"
114.119.136.254 - - [16/Jun/2026:11:32:45 +0000] "GET /projektowanie-wizytowek HTTP/1.1" 301 5 "https://abagraf.com.pl/drukarnia-szybkie-i-wygodne-uslugi-drukarskie-online/" "Mozilla/5.0 (Linux; Android 7.0;) AppleWebKit/537.36 (HTML, like Gecko) Mobile Safari/537.36 (compatible; PetalBot;+https://webmaster.petalsearch.com/site/petalbot)"
114.119.136.254 - - [16/Jun/2026:11:32:46 +0000] "GET /projektowanie-wizytowek-szybkie-i-profesjonalne-efekty/ HTTP/1.1" 200 21280 "https://abagraf.com.pl/drukarnia-szybkie-i-wygodne-uslugi-drukarskie-online/" "Mozilla/5.0 (Linux; Android 7.0;) AppleWebKit/537.36 (HTML, like Gecko) Mobile Safari/537.36 (compatible; PetalBot;+https://webmaster.petalsearch.com/site/petalbot)"
31.220.84.188 - - [16/Jun/2026:11:34:05 +0000] "GET /wp-login.php HTTP/1.1" 200 3072 "-" "Mozilla/5.0 (Macintosh; Intel Mac OS X 10_15_7) AppleWebKit/537.36 (KHTML, like Gecko) Chrome/133.0.0.0 Safari/537.36 Edg/133.0.0.0"
31.220.84.188 - - [16/Jun/2026:11:34:05 +0000] "POST /wp-login.php HTTP/1.1" 200 3202 "https://abagraf.com.pl/wp-login.php" "Mozilla/5.0 (Macintosh; Intel Mac OS X 10_15_7) AppleWebKit/537.36 (KHTML, like Gecko) Chrome/133.0.0.0 Safari/537.36 Edg/133.0.0.0"
114.119.136.254 - - [16/Jun/2026:11:34:09 +0000] "GET /koszt-druku-broszur-kluczowe-czynniki-pod-lupa HTTP/1.1" 301 5 "https://abagraf.com.pl/koszt-druku-broszur-kluczowe-czynniki-pod-lupa" "Mozilla/5.0 (Linux; Android 7.0;) AppleWebKit/537.36 (HTML, like Gecko) Mobile Safari/537.36 (compatible; PetalBot;+https://webmaster.petalsearch.com/site/petalbot)"
114.119.136.254 - - [16/Jun/2026:11:34:11 +0000] "GET /koszt-druku-broszur-kluczowe-czynniki-pod-lupa/ HTTP/1.1" 200 21066 "https://abagraf.com.pl/koszt-druku-broszur-kluczowe-czynniki-pod-lupa" "Mozilla/5.0 (Linux; Android 7.0;) AppleWebKit/537.36 (HTML, like Gecko) Mobile Safari/537.36 (compatible; PetalBot;+https://webmaster.petalsearch.com/site/petalbot)"
114.119.158.83 - - [16/Jun/2026:11:35:33 +0000] "GET /drukarnia-zefirek-najlepsza-jakosc-i-profesjonalizm/ HTTP/1.1" 200 20115 "https://abagraf.com.pl/druk-7-niezawodnych-zastosowan-dla-twojej-firmy/?dzial2=kalendarze_biurkowe_xl&dzial3=opis_kalendarze_biurkowe_xl" "Mozilla/5.0 (Linux; Android 7.0;) AppleWebKit/537.36 (HTML, like Gecko) Mobile Safari/537.36 (compatible; PetalBot;+https://webmaster.petalsearch.com/site/petalbot)"
185.191.171.15 - - [16/Jun/2026:11:36:15 +0000] "GET /casinos-en-ligne-avec-beaucoup-de-tours-gratuits/ HTTP/1.1" 200 17821 "-" "Mozilla/5.0 (compatible; SemrushBot/7~bl; +http://www.semrush.com/bot.html)"
114.119.131.11 - - [16/Jun/2026:11:36:58 +0000] "GET /drukarnia-tczew-gwarancja-najwyzszej-jakosci-uslug/ HTTP/1.1" 200 21466 "https://abagraf.com.pl/page/10/?dzial2=podzial_biznes_karta" "Mozilla/5.0 (Linux; Android 7.0;) AppleWebKit/537.36 (HTML, like Gecko) Mobile Safari/537.36 (compatible; PetalBot;+https://webmaster.petalsearch.com/site/petalbot)"
114.119.132.242 - - [16/Jun/2026:11:38:21 +0000] "GET /page/2/?go=images/zaproszenia/humor/zsp01 HTTP/1.1" 301 5 "http://www.abagraf.com.pl/index.php?go=images/zaproszenia/humor/zsp01" "Mozilla/5.0 (Linux; Android 7.0;) AppleWebKit/537.36 (HTML, like Gecko) Mobile Safari/537.36 (compatible; PetalBot;+https://webmaster.petalsearch.com/site/petalbot)"
114.119.132.242 - - [16/Jun/2026:11:38:23 +0000] "GET /page/2/?go=images%2Fzaproszenia%2Fhumor%2Fzsp01 HTTP/1.1" 200 16843 "http://www.abagraf.com.pl/index.php?go=images/zaproszenia/humor/zsp01" "Mozilla/5.0 (Linux; Android 7.0;) AppleWebKit/537.36 (HTML, like Gecko) Mobile Safari/537.36 (compatible; PetalBot;+https://webmaster.petalsearch.com/site/petalbot)"
85.208.96.202 - - [16/Jun/2026:11:39:05 +0000] "GET /logiciel-de-casino-en-ligne/ HTTP/1.1" 200 17580 "-" "Mozilla/5.0 (compatible; SemrushBot/7~bl; +http://www.semrush.com/bot.html)"
64.89.160.64 - - [16/Jun/2026:11:40:40 +0000] "GET / HTTP/1.1" 200 17296 "http://abagraf.com.pl/" "Mozilla/5.0 (iPhone; CPU iPhone OS 17_5 like Mac OS X) AppleWebKit/605.1.15 (KHTML, like Gecko) Version/17.5 Mobile/15E148 Safari/604.1"
85.208.96.195 - - [16/Jun/2026:11:42:42 +0000] "GET /nucleonbet-casino-no-deposit-bonus/ HTTP/1.1" 200 17924 "-" "Mozilla/5.0 (compatible; SemrushBot/7~bl; +http://www.semrush.com/bot.html)"
172.226.64.10 - - [16/Jun/2026:11:45:47 +0000] "GET /images/Telefon.gif HTTP/1.1" 404 133 "https://promx.pl/" "Mozilla/5.0 (iPhone; CPU iPhone OS 18_7 like Mac OS X) AppleWebKit/605.1.15 (KHTML, like Gecko) Version/26.5 Mobile/15E148 Safari/604.1"
172.226.64.10 - - [16/Jun/2026:11:46:00 +0000] "GET /images/Telefon.gif HTTP/1.1" 404 133 "https://promx.pl/" "Mozilla/5.0 (iPhone; CPU iPhone OS 18_7 like Mac OS X) AppleWebKit/605.1.15 (KHTML, like Gecko) Version/26.5 Mobile/15E148 Safari/604.1"
43.155.188.157 - - [16/Jun/2026:11:47:14 +0000] "GET / HTTP/1.1" 301 5 "http://www.abagraf.com.pl" "Mozilla/5.0 (iPhone; CPU iPhone OS 13_2_3 like Mac OS X) AppleWebKit/605.1.15 (KHTML, like Gecko) Version/13.0.3 Mobile/15E148 Safari/604.1"
43.155.188.157 - - [16/Jun/2026:11:47:15 +0000] "GET / HTTP/1.1" 200 17296 "https://www.abagraf.com.pl/" "Mozilla/5.0 (iPhone; CPU iPhone OS 13_2_3 like Mac OS X) AppleWebKit/605.1.15 (KHTML, like Gecko) Version/13.0.3 Mobile/15E148 Safari/604.1"
196.207.222.159 - - [16/Jun/2026:11:47:41 +0000] "GET /market24413875?kg=0024353086 HTTP/1.1" 404 15424 "-" "Mozilla/5.0 (Macintosh; Intel Mac OS X 10_7_3) AppleWebKit/537.36 (KHTML, like Gecko, Mediapartners-Google) Chrome/89.0.4389.93 Safari/537.36"
114.119.150.32 - - [16/Jun/2026:11:47:53 +0000] "GET /druk-7-niezawodnych-zastosowan-dla-twojej-firmy/?dzial2=kalendarz_scienny_b2_2&dzial3=opis_kalendarz_scienny_b2_2 HTTP/1.1" 200 21421 "https://abagraf.com.pl/druk-7-niezawodnych-zastosowan-dla-twojej-firmy/?dzial2=kalendarz_scienny_b2_2&dzial3=opis_kalendarz_scienny_b2_2" "Mozilla/5.0 (Linux; Android 7.0;) AppleWebKit/537.36 (HTML, like Gecko) Mobile Safari/537.36 (compatible; PetalBot;+https://webmaster.petalsearch.com/site/petalbot)"
85.208.96.193 - - [16/Jun/2026:11:49:46 +0000] "GET /comment-puis-je-gagner-le-blackjack/ HTTP/1.1" 200 17619 "-" "Mozilla/5.0 (compatible; SemrushBot/7~bl; +http://www.semrush.com/bot.html)"
137.184.90.64 - - [16/Jun/2026:11:50:29 +0000] "GET /wp-login.php HTTP/1.1" 200 3072 "-" "Mozilla/5.0 (X11; Linux i686) AppleWebKit/537.36 (KHTML, like Gecko) Chrome/133.0.0.0 Safari/537.36"
177.245.252.60 - - [16/Jun/2026:11:54:39 +0000] "GET /market25051584?kg=0024989198 HTTP/1.1" 404 15424 "-" "Mozilla/5.0 (Macintosh; Intel Mac OS X 10_13_6) AppleWebKit/537.36 (KHTML, like Gecko) Chrome/74.0.3729.169 Safari/524.34"
54.83.56.1 - - [16/Jun/2026:11:55:40 +0000] "GET /wp-json/oembed/1.0/embed?format=xml&url=https://abagraf.com.pl/druk-na-folii-odkryj-roznorodnosc-i-zastosowania/ HTTP/1.1" 200 1199 "-" "Mozilla/5.0 AppleWebKit/537.36 (KHTML, like Gecko; compatible; Amazonbot/0.1; +https://developer.amazon.com/support/amazonbot) Chrome/119.0.6045.214 Safari/537.36"
52.202.233.37 - - [16/Jun/2026:11:55:44 +0000] "GET /drukarnia-zary-oferuje-profesjonalne-uslugi-poligraficzne/ HTTP/1.1" 200 21008 "-" "Mozilla/5.0 AppleWebKit/537.36 (KHTML, like Gecko; compatible; Amazonbot/0.1; +https://developer.amazon.com/support/amazonbot) Chrome/119.0.6045.214 Safari/537.36"
107.23.62.75 - - [16/Jun/2026:11:55:48 +0000] "GET /wp-json/wp/v2/posts/1464 HTTP/1.1" 200 5069 "-" "Mozilla/5.0 AppleWebKit/537.36 (KHTML, like Gecko; compatible; Amazonbot/0.1; +https://developer.amazon.com/support/amazonbot) Chrome/119.0.6045.214 Safari/537.36"
162.254.36.150 - - [16/Jun/2026:11:58:03 +0000] "GET /wp-login.php HTTP/1.1" 200 3072 "-" "Mozilla/5.0 (X11; CrOS x86_64 14541.0.0) AppleWebKit/537.36 (KHTML, like Gecko) Chrome/133.0.0.0 Safari/537.36"
162.254.36.150 - - [16/Jun/2026:11:58:04 +0000] "POST /wp-login.php HTTP/1.1" 200 3202 "https://abagraf.com.pl/wp-login.php" "Mozilla/5.0 (X11; CrOS x86_64 14541.0.0) AppleWebKit/537.36 (KHTML, like Gecko) Chrome/133.0.0.0 Safari/537.36"
216.244.66.228 - - [16/Jun/2026:12:00:29 +0000] "GET /comprendre-les-machines-%C3%A0-sous/ HTTP/1.1" 200 81465 "-" "Mozilla/5.0 (compatible; DotBot/1.2; +https://opensiteexplorer.org/dotbot; help@moz.com)"
143.20.253.142 - - [16/Jun/2026:12:06:10 +0000] "GET /wp-content/uploads/2025/08/994.jpg HTTP/1.1" 200 44335 "https://abagraf.com.pl/" "Mozilla/5.0 (Windows NT 10.0; Win64; x64) AppleWebKit/537.36 (KHTML, like Gecko) Chrome/107.0.0.0 Safari/537.36"
89.124.114.167 - - [16/Jun/2026:12:08:02 +0000] "GET /jak-wybrac-drukarnie-cyfrowa-i-zwiekszyc-jakosc-wydrukow/ HTTP/1.0" 200 91319 "https://abagraf.com.pl/jak-wybrac-drukarnie-cyfrowa-i-zwiekszyc-jakosc-wydrukow/" "Mozilla/5.0 (Windows NT 10.0; Win64; x64) AppleWebKit/537.36 (KHTML, like Gecko) Chrome/131.0.0.0 Safari/537.36"
89.124.114.167 - - [16/Jun/2026:12:08:03 +0000] "POST /wp-comments-post.php HTTP/1.0" 302 0 "https://abagraf.com.pl/jak-wybrac-drukarnie-cyfrowa-i-zwiekszyc-jakosc-wydrukow/" "Mozilla/5.0 (Windows NT 10.0; Win64; x64) AppleWebKit/537.36 (KHTML, like Gecko) Chrome/131.0.0.0 Safari/537.36"
89.124.114.167 - - [16/Jun/2026:12:08:03 +0000] "GET /jak-wybrac-drukarnie-cyfrowa-i-zwiekszyc-jakosc-wydrukow/ HTTP/1.0" 200 95506 "https://abagraf.com.pl/jak-wybrac-drukarnie-cyfrowa-i-zwiekszyc-jakosc-wydrukow/#comment-894" "Mozilla/5.0 (Windows NT 10.0; Win64; x64) AppleWebKit/537.36 (KHTML, like Gecko) Chrome/131.0.0.0 Safari/537.36"
114.119.136.254 - - [16/Jun/2026:12:09:32 +0000] "GET /roulette-pari-sur-les-couleurs/ HTTP/1.1" 200 18003 "https://abagraf.com.pl/druk-cyfrowy-dla-malych-firm-kluczowe-korzysci-i-oszczednosci/" "Mozilla/5.0 (Linux; Android 7.0;) AppleWebKit/537.36 (HTML, like Gecko) Mobile Safari/537.36 (compatible; PetalBot;+https://webmaster.petalsearch.com/site/petalbot)"
85.208.96.207 - - [16/Jun/2026:12:10:32 +0000] "GET /slots-buffalo-gold-gagne/ HTTP/1.1" 200 17707 "-" "Mozilla/5.0 (compatible; SemrushBot/7~bl; +http://www.semrush.com/bot.html)"
114.119.144.88 - - [16/Jun/2026:12:10:55 +0000] "GET /haut-5-casino-en-ligne/ HTTP/1.1" 200 17647 "https://abagraf.com.pl/drukarnia-metropolia-szybka-i-nowoczesna-drukarnia-w-gdansku/" "Mozilla/5.0 (Linux; Android 7.0;) AppleWebKit/537.36 (HTML, like Gecko) Mobile Safari/537.36 (compatible; PetalBot;+https://webmaster.petalsearch.com/site/petalbot)"
114.119.147.6 - - [16/Jun/2026:12:12:19 +0000] "GET /astuces-pour-casino/ HTTP/1.1" 200 17704 "https://abagraf.com.pl/koszt-wydruku-ulotek-a-jakosc-poznaj-szczegoly/" "Mozilla/5.0 (Linux; Android 7.0;) AppleWebKit/537.36 (HTML, like Gecko) Mobile Safari/537.36 (compatible; PetalBot;+https://webmaster.petalsearch.com/site/petalbot)"
114.119.138.33 - - [16/Jun/2026:12:13:43 +0000] "GET /index.php?go=images/zaproszenia/kwadraty/kwa10 HTTP/1.1" 301 5 "http://abagraf.com.pl/index.php?go=images%2Fzaproszenia%2Fkwa" "Mozilla/5.0 (Linux; Android 7.0;) AppleWebKit/537.36 (HTML, like Gecko) Mobile Safari/537.36 (compatible; PetalBot;+https://webmaster.petalsearch.com/site/petalbot)"
114.119.138.33 - - [16/Jun/2026:12:13:45 +0000] "GET /?go=images/zaproszenia/kwadraty/kwa10 HTTP/1.1" 200 17325 "http://abagraf.com.pl/index.php?go=images%2Fzaproszenia%2Fkwa" "Mozilla/5.0 (Linux; Android 7.0;) AppleWebKit/537.36 (HTML, like Gecko) Mobile Safari/537.36 (compatible; PetalBot;+https://webmaster.petalsearch.com/site/petalbot)"
176.129.57.20 - - [16/Jun/2026:12:14:29 +0000] "GET /wp-login.php HTTP/1.1" 200 3072 "-" "Mozilla/5.0 (X11; Linux x86_64) AppleWebKit/537.36 (KHTML, like Gecko) Chrome/133.0.0.0 Safari/537.36"
176.129.57.20 - - [16/Jun/2026:12:14:29 +0000] "POST /wp-login.php HTTP/1.1" 200 3201 "https://abagraf.com.pl/wp-login.php" "Mozilla/5.0 (X11; Linux x86_64) AppleWebKit/537.36 (KHTML, like Gecko) Chrome/133.0.0.0 Safari/537.36"
114.119.131.11 - - [16/Jun/2026:12:15:06 +0000] "GET /meilleur-casino-bonus-d-inscription/ HTTP/1.1" 200 17683 "https://abagraf.com.pl/osobisty-projekt-graficzny-to-krok-w-strone-kreatywnosci/" "Mozilla/5.0 (Linux; Android 7.0;) AppleWebKit/537.36 (HTML, like Gecko) Mobile Safari/537.36 (compatible; PetalBot;+https://webmaster.petalsearch.com/site/petalbot)"
114.119.131.11 - - [16/Jun/2026:12:16:30 +0000] "GET /index.php?go=images/zaproszenia/new/new5 HTTP/1.1" 301 5 "http://www.abagraf.com.pl/index.php?go=images/zaproszenia/new" "Mozilla/5.0 (Linux; Android 7.0;) AppleWebKit/537.36 (HTML, like Gecko) Mobile Safari/537.36 (compatible; PetalBot;+https://webmaster.petalsearch.com/site/petalbot)"
114.119.131.11 - - [16/Jun/2026:12:16:32 +0000] "GET /?go=images/zaproszenia/new/new5 HTTP/1.1" 200 17317 "http://www.abagraf.com.pl/index.php?go=images/zaproszenia/new" "Mozilla/5.0 (Linux; Android 7.0;) AppleWebKit/537.36 (HTML, like Gecko) Mobile Safari/537.36 (compatible; PetalBot;+https://webmaster.petalsearch.com/site/petalbot)"
137.184.90.64 - - [16/Jun/2026:12:22:25 +0000] "GET /wp-login.php HTTP/1.1" 200 3072 "-" "Mozilla/5.0 (X11; Ubuntu; Linux x86_64) AppleWebKit/537.36 (KHTML, like Gecko) Chrome/133.0.0.0 Safari/537.36"
137.184.90.64 - - [16/Jun/2026:12:22:26 +0000] "POST /wp-login.php HTTP/1.1" 200 3201 "https://abagraf.com.pl/wp-login.php" "Mozilla/5.0 (X11; Ubuntu; Linux x86_64) AppleWebKit/537.36 (KHTML, like Gecko) Chrome/133.0.0.0 Safari/537.36"
51.68.111.215 - - [16/Jun/2026:12:23:28 +0000] "GET / HTTP/1.1" 200 17296 "-" "Mozilla/5.0 (compatible; MJ12bot/v2.0.5; http://mj12bot.com/)"
172.183.222.130 - - [16/Jun/2026:12:24:53 +0000] "GET /ksero-rumia-najlepsze-uslugi-druku-i-kopiowania/ HTTP/1.1" 200 19708 "-" "Mozilla/5.0 AppleWebKit/537.36 (KHTML, like Gecko); compatible; ChatGPT-User/1.0; +https://openai.com/bot"
110.42.208.131 - - [16/Jun/2026:12:25:09 +0000] "GET / HTTP/1.1" 200 17296 "http://abagraf.com.pl" "Mozilla/5.0 (iPhone; CPU iPhone OS 13_2_3 like Mac OS X) AppleWebKit/605.1.15 (KHTML, like Gecko) Version/13.0.3 Mobile/15E148 Safari/604.1"
74.7.229.137 - - [16/Jun/2026:12:25:20 +0000] "GET /ksero-rumia-najlepsze-uslugi-druku-i-kopiowania/ HTTP/1.1" 200 19708 "-" "Mozilla/5.0 (Macintosh; Intel Mac OS X 10_15_7) AppleWebKit/537.36 (KHTML, like Gecko) Chrome/131.0.0.0 Safari/537.36; compatible; OAI-SearchBot/1.4; +https://openai.com/searchbot"
74.7.229.137 - - [16/Jun/2026:12:25:23 +0000] "GET /xmlrpc.php?rsd HTTP/1.1" 403 193 "https://abagraf.com.pl/ksero-rumia-najlepsze-uslugi-druku-i-kopiowania/" "Mozilla/5.0 (Macintosh; Intel Mac OS X 10_15_7) AppleWebKit/537.36 (KHTML, like Gecko) Chrome/131.0.0.0 Safari/537.36; compatible; OAI-SearchBot/1.4; +https://openai.com/searchbot"
74.7.228.245 - - [16/Jun/2026:12:25:26 +0000] "GET /drukarnia-reklam-najlepszym-wsparciem-twojej-kampanii/ HTTP/1.1" 200 21153 "https://abagraf.com.pl/ksero-rumia-najlepsze-uslugi-druku-i-kopiowania/" "Mozilla/5.0 (Macintosh; Intel Mac OS X 10_15_7) AppleWebKit/537.36 (KHTML, like Gecko) Chrome/131.0.0.0 Safari/537.36; compatible; OAI-SearchBot/1.4; +https://openai.com/searchbot"
74.7.227.190 - - [16/Jun/2026:12:25:28 +0000] "GET /?p=1290 HTTP/1.1" 301 5 "https://abagraf.com.pl/drukarnia-reklam-najlepszym-wsparciem-twojej-kampanii/" "Mozilla/5.0 AppleWebKit/537.36 (KHTML, like Gecko; compatible; GPTBot/1.4; +https://openai.com/gptbot)"
74.7.227.190 - - [16/Jun/2026:12:25:28 +0000] "GET /drukarnia-reklam-najlepszym-wsparciem-twojej-kampanii/ HTTP/1.1" 200 21153 "https://abagraf.com.pl/?p=1290" "Mozilla/5.0 AppleWebKit/537.36 (KHTML, like Gecko; compatible; GPTBot/1.4; +https://openai.com/gptbot)"
74.7.243.32 - - [16/Jun/2026:12:25:29 +0000] "GET /xmlrpc.php HTTP/1.1" 403 193 "https://abagraf.com.pl/ksero-rumia-najlepsze-uslugi-druku-i-kopiowania/" "Mozilla/5.0 (Macintosh; Intel Mac OS X 10_15_7) AppleWebKit/537.36 (KHTML, like Gecko) Chrome/131.0.0.0 Safari/537.36; compatible; OAI-SearchBot/1.4; +https://openai.com/searchbot"
74.7.227.190 - - [16/Jun/2026:12:25:31 +0000] "GET /drukarnia-wielkoformatowa-najlepsza-dla-twojej-reklamy/ HTTP/1.1" 200 20744 "https://abagraf.com.pl/?p=1290" "Mozilla/5.0 AppleWebKit/537.36 (KHTML, like Gecko; compatible; GPTBot/1.4; +https://openai.com/gptbot)"
74.7.229.137 - - [16/Jun/2026:12:25:32 +0000] "GET /?p=1328 HTTP/1.1" 301 5 "https://abagraf.com.pl/ksero-rumia-najlepsze-uslugi-druku-i-kopiowania/" "Mozilla/5.0 (Macintosh; Intel Mac OS X 10_15_7) AppleWebKit/537.36 (KHTML, like Gecko) Chrome/131.0.0.0 Safari/537.36; compatible; OAI-SearchBot/1.4; +https://openai.com/searchbot"
74.7.229.137 - - [16/Jun/2026:12:25:34 +0000] "GET /?p=1328 HTTP/1.1" 301 5 "https://abagraf.com.pl/ksero-rumia-najlepsze-uslugi-druku-i-kopiowania/" "Mozilla/5.0 (Macintosh; Intel Mac OS X 10_15_7) AppleWebKit/537.36 (KHTML, like Gecko) Chrome/131.0.0.0 Safari/537.36; compatible; OAI-SearchBot/1.4; +https://openai.com/searchbot"
74.7.227.190 - - [16/Jun/2026:12:25:36 +0000] "GET /wp-json/oembed/1.0/embed?format=xml&url=https%3A%2F%2Fabagraf.com.pl%2Fdrukarnia-reklam-najlepszym-wsparciem-twojej-kampanii%2F HTTP/1.1" 200 1181 "https://abagraf.com.pl/?p=1290" "Mozilla/5.0 AppleWebKit/537.36 (KHTML, like Gecko; compatible; GPTBot/1.4; +https://openai.com/gptbot)"
74.7.242.137 - - [16/Jun/2026:12:25:37 +0000] "GET /wp-json/oembed/1.0/embed?url=https%3A%2F%2Fabagraf.com.pl%2Fksero-rumia-najlepsze-uslugi-druku-i-kopiowania%2F HTTP/1.1" 200 1144 "https://abagraf.com.pl/ksero-rumia-najlepsze-uslugi-druku-i-kopiowania/" "Mozilla/5.0 (Macintosh; Intel Mac OS X 10_15_7) AppleWebKit/537.36 (KHTML, like Gecko) Chrome/131.0.0.0 Safari/537.36; compatible; OAI-SearchBot/1.4; +https://openai.com/searchbot"
74.7.227.190 - - [16/Jun/2026:12:25:39 +0000] "GET /drukarnia-reklam-najlepszym-wsparciem-twojej-kampanii/feed/ HTTP/1.1" 200 921 "https://abagraf.com.pl/?p=1290" "Mozilla/5.0 AppleWebKit/537.36 (KHTML, like Gecko; compatible; GPTBot/1.4; +https://openai.com/gptbot)"
74.7.229.118 - - [16/Jun/2026:12:25:39 +0000] "GET /wp-json/oembed/1.0/embed?format=xml&url=https%3A%2F%2Fabagraf.com.pl%2Fksero-rumia-najlepsze-uslugi-druku-i-kopiowania%2F HTTP/1.1" 200 1185 "https://abagraf.com.pl/ksero-rumia-najlepsze-uslugi-druku-i-kopiowania/" "Mozilla/5.0 (Macintosh; Intel Mac OS X 10_15_7) AppleWebKit/537.36 (KHTML, like Gecko) Chrome/131.0.0.0 Safari/537.36; compatible; OAI-SearchBot/1.4; +https://openai.com/searchbot"
74.7.229.118 - - [16/Jun/2026:12:25:41 +0000] "GET /drukarnia-debica-oferuje-doskonala-jakosc-i-uslugi/ HTTP/1.1" 200 20959 "https://abagraf.com.pl/ksero-rumia-najlepsze-uslugi-druku-i-kopiowania/" "Mozilla/5.0 (Macintosh; Intel Mac OS X 10_15_7) AppleWebKit/537.36 (KHTML, like Gecko) Chrome/131.0.0.0 Safari/537.36; compatible; OAI-SearchBot/1.4; +https://openai.com/searchbot"
74.7.227.190 - - [16/Jun/2026:12:25:41 +0000] "GET /wp-json/wp/v2/posts/1290 HTTP/1.1" 200 5572 "https://abagraf.com.pl/?p=1290" "Mozilla/5.0 AppleWebKit/537.36 (KHTML, like Gecko; compatible; GPTBot/1.4; +https://openai.com/gptbot)"
74.7.229.137 - - [16/Jun/2026:12:25:42 +0000] "GET /ksero-rumia-najlepsze-uslugi-druku-i-kopiowania/feed/ HTTP/1.1" 200 904 "https://abagraf.com.pl/ksero-rumia-najlepsze-uslugi-druku-i-kopiowania/" "Mozilla/5.0 (Macintosh; Intel Mac OS X 10_15_7) AppleWebKit/537.36 (KHTML, like Gecko) Chrome/131.0.0.0 Safari/537.36; compatible; OAI-SearchBot/1.4; +https://openai.com/searchbot"
74.7.227.190 - - [16/Jun/2026:12:25:43 +0000] "GET /?p=1240 HTTP/1.1" 301 5 "https://abagraf.com.pl/drukarnia-wielkoformatowa-najlepsza-dla-twojej-reklamy/" "Mozilla/5.0 AppleWebKit/537.36 (KHTML, like Gecko; compatible; GPTBot/1.4; +https://openai.com/gptbot)"
74.7.228.245 - - [16/Jun/2026:12:25:44 +0000] "GET /wp-json/wp/v2/posts/1328 HTTP/1.1" 200 3957 "https://abagraf.com.pl/ksero-rumia-najlepsze-uslugi-druku-i-kopiowania/" "Mozilla/5.0 (Macintosh; Intel Mac OS X 10_15_7) AppleWebKit/537.36 (KHTML, like Gecko) Chrome/131.0.0.0 Safari/537.36; compatible; OAI-SearchBot/1.4; +https://openai.com/searchbot"
85.208.96.211 - - [16/Jun/2026:12:30:25 +0000] "GET /grille-des-gain-keno/ HTTP/1.1" 200 17386 "-" "Mozilla/5.0 (compatible; SemrushBot/7~bl; +http://www.semrush.com/bot.html)"
103.156.118.59 - - [16/Jun/2026:12:31:13 +0000] "POST /wp-admin/admin-ajax.php HTTP/1.1" 400 11 "-" "Mozilla/5.0 (Windows NT 10.0; Win64; x64) AppleWebKit/537.36 Chrome/120 Safari/537.36"
194.163.139.224 - - [16/Jun/2026:12:31:27 +0000] "GET /wp-login.php HTTP/1.1" 200 3072 "-" "Mozilla/5.0 (X11; Ubuntu; Linux x86_64; rv:133.0) Gecko/20100101 Firefox/133.0"
194.163.139.224 - - [16/Jun/2026:12:31:28 +0000] "POST /wp-login.php HTTP/1.1" 200 3201 "https://abagraf.com.pl/wp-login.php" "Mozilla/5.0 (X11; Ubuntu; Linux x86_64; rv:133.0) Gecko/20100101 Firefox/133.0"
74.7.243.204 - - [16/Jun/2026:12:37:04 +0000] "GET / HTTP/1.1" 301 5 "http://www.abagraf.com.pl" "Mozilla/5.0 AppleWebKit/537.36 (KHTML, like Gecko; compatible; GPTBot/1.4; +https://openai.com/gptbot)"
213.171.208.62 - - [16/Jun/2026:12:40:06 +0000] "GET /wp-login.php HTTP/1.1" 200 3072 "-" "Mozilla/5.0 (Windows NT 10.0; WOW64) AppleWebKit/537.36 (KHTML, like Gecko) Chrome/133.0.0.0 Safari/537.36"
213.171.208.62 - - [16/Jun/2026:12:40:06 +0000] "POST /wp-login.php HTTP/1.1" 200 3201 "https://abagraf.com.pl/wp-login.php" "Mozilla/5.0 (Windows NT 10.0; WOW64) AppleWebKit/537.36 (KHTML, like Gecko) Chrome/133.0.0.0 Safari/537.36"
14.191.84.50 - - [16/Jun/2026:12:40:13 +0000] "GET /market25055193?kg=0024992798 HTTP/1.1" 404 15424 "-" "Mozilla/5.0 (Windows NT 6.1; Win64; x64) AppleWebKit/537.36 (KHTML, like Gecko) Chrome/103.0.0.0 Safari/537.36"
216.244.66.228 - - [16/Jun/2026:12:40:20 +0000] "GET /gagner-de-l-argent-dans-un-casino/ HTTP/1.1" 200 81123 "-" "Mozilla/5.0 (compatible; DotBot/1.2; +https://opensiteexplorer.org/dotbot; help@moz.com)"
216.244.66.228 - - [16/Jun/2026:12:42:11 +0000] "GET /roulette-gratuits-secrets-du-jeu/ HTTP/1.1" 200 81455 "-" "Mozilla/5.0 (compatible; DotBot/1.2; +https://opensiteexplorer.org/dotbot; help@moz.com)"
216.244.66.228 - - [16/Jun/2026:12:42:38 +0000] "GET /drukarnia-hedom-twoje-zrodlo-doskonalego-druku/ HTTP/1.1" 200 91297 "-" "Mozilla/5.0 (compatible; DotBot/1.2; +https://opensiteexplorer.org/dotbot; help@moz.com)"
89.124.114.167 - - [16/Jun/2026:12:45:04 +0000] "GET /jak-przebiega-proces-druku-cyfrowego-w-praktyce/ HTTP/1.0" 200 91820 "https://abagraf.com.pl/jak-przebiega-proces-druku-cyfrowego-w-praktyce/" "Mozilla/5.0 (Windows NT 10.0; Win64; x64) AppleWebKit/537.36 (KHTML, like Gecko) Chrome/131.0.0.0 Safari/537.36 Avast/131.0.0.0"
89.124.114.167 - - [16/Jun/2026:12:45:05 +0000] "POST /wp-comments-post.php HTTP/1.0" 302 0 "https://abagraf.com.pl/jak-przebiega-proces-druku-cyfrowego-w-praktyce/" "Mozilla/5.0 (Windows NT 10.0; Win64; x64) AppleWebKit/537.36 (KHTML, like Gecko) Chrome/131.0.0.0 Safari/537.36 Avast/131.0.0.0"
89.124.114.167 - - [16/Jun/2026:12:45:05 +0000] "GET /jak-przebiega-proces-druku-cyfrowego-w-praktyce/ HTTP/1.0" 200 95949 "https://abagraf.com.pl/jak-przebiega-proces-druku-cyfrowego-w-praktyce/#comment-895" "Mozilla/5.0 (Windows NT 10.0; Win64; x64) AppleWebKit/537.36 (KHTML, like Gecko) Chrome/131.0.0.0 Safari/537.36 Avast/131.0.0.0"
185.191.171.19 - - [16/Jun/2026:12:45:55 +0000] "GET /meilleure-slots-william-hill/ HTTP/1.1" 200 17884 "-" "Mozilla/5.0 (compatible; SemrushBot/7~bl; +http://www.semrush.com/bot.html)"
44.212.131.50 - - [16/Jun/2026:12:46:50 +0000] "GET /wydrukowac-profesjonalnie-i-efektywnie-strony-internetowe/feed/ HTTP/1.1" 200 934 "-" "Mozilla/5.0 AppleWebKit/537.36 (KHTML, like Gecko; compatible; Amazonbot/0.1; +https://developer.amazon.com/support/amazonbot) Chrome/119.0.6045.214 Safari/537.36"
46.246.47.58 - - [16/Jun/2026:12:46:59 +0000] "GET /wp-login.php HTTP/1.1" 200 3072 "-" "Mozilla/5.0 (Windows NT 10.0; Win64; x64) AppleWebKit/537.36 (KHTML, like Gecko) Chrome/120.0.0.0 Safari/537.36"
46.246.47.58 - - [16/Jun/2026:12:47:00 +0000] "POST /wp-login.php HTTP/1.1" 200 3201 "https://abagraf.com.pl/wp-login.php" "Mozilla/5.0 (Windows NT 10.0; Win64; x64) AppleWebKit/537.36 (KHTML, like Gecko) Chrome/120.0.0.0 Safari/537.36"
185.191.171.13 - - [16/Jun/2026:12:47:09 +0000] "GET /jouez-%C3%A0-des-jeux-de-casino-et-gagnez-de-l-argent-r%C3%A9el/ HTTP/1.1" 200 17867 "-" "Mozilla/5.0 (compatible; SemrushBot/7~bl; +http://www.semrush.com/bot.html)"
97.74.88.143 - - [16/Jun/2026:12:48:15 +0000] "GET /wp-login.php HTTP/1.1" 200 3072 "-" "Mozilla/5.0 (Macintosh; Intel Mac OS X 10_15_7) AppleWebKit/537.36 (KHTML, like Gecko) Chrome/133.0.0.0 Safari/537.36"
97.74.88.143 - - [16/Jun/2026:12:48:16 +0000] "POST /wp-login.php HTTP/1.1" 200 3201 "https://abagraf.com.pl/wp-login.php" "Mozilla/5.0 (Macintosh; Intel Mac OS X 10_15_7) AppleWebKit/537.36 (KHTML, like Gecko) Chrome/133.0.0.0 Safari/537.36"
104.28.156.59 - - [16/Jun/2026:12:48:57 +0000] "GET / HTTP/1.0" 200 91013 "https://abagraf.com.pl/" "Mozilla/5.0 (Windows NT 10.0; Win64; x64) AppleWebKit/537.36 (KHTML, like Gecko) Chrome/129.0.0.0 Safari/537.36"
104.28.156.59 - - [16/Jun/2026:12:48:57 +0000] "GET /gabinet-masazu-piotr-czajkowski-kielce/ HTTP/1.0" 200 85217 "https://abagraf.com.pl/gabinet-masazu-piotr-czajkowski-kielce/" "Mozilla/5.0 (Windows NT 10.0; Win64; x64) AppleWebKit/537.36 (KHTML, like Gecko) Chrome/129.0.0.0 Safari/537.36"
104.28.156.59 - - [16/Jun/2026:12:48:58 +0000] "POST /wp-comments-post.php HTTP/1.0" 302 0 "https://abagraf.com.pl/gabinet-masazu-piotr-czajkowski-kielce/" "Mozilla/5.0 (Windows NT 10.0; Win64; x64) AppleWebKit/537.36 (KHTML, like Gecko) Chrome/129.0.0.0 Safari/537.36"
104.28.156.59 - - [16/Jun/2026:12:48:59 +0000] "GET /gabinet-masazu-piotr-czajkowski-kielce/ HTTP/1.0" 200 88061 "https://abagraf.com.pl/gabinet-masazu-piotr-czajkowski-kielce/#comment-896" "Mozilla/5.0 (Windows NT 10.0; Win64; x64) AppleWebKit/537.36 (KHTML, like Gecko) Chrome/129.0.0.0 Safari/537.36"
198.244.242.109 - - [16/Jun/2026:12:49:00 +0000] "GET /author/ HTTP/1.1" 404 15424 "-" "Mozilla/5.0 (compatible; AhrefsBot/7.0; +http://ahrefs.com/robot/)"
185.191.171.12 - - [16/Jun/2026:12:51:54 +0000] "GET /jackpot-progressif-machine-%C3%A0-sous/ HTTP/1.1" 200 17753 "-" "Mozilla/5.0 (compatible; SemrushBot/7~bl; +http://www.semrush.com/bot.html)"
109.110.105.30 - - [16/Jun/2026:12:56:20 +0000] "GET /market25841261?kg=0025776894 HTTP/1.1" 404 15424 "-" "Mozilla/5.0 (Macintosh; Intel Mac OS X 10_11_6) AppleWebKit/537.36 (KHTML, like Gecko) Brave Chrome/84.0.4147.135 Safari/537.36"
151.243.150.40 - - [16/Jun/2026:12:59:36 +0000] "GET /wp-content/adminer.php HTTP/1.1" 403 133 "-" "Mozilla/5.0 (Windows NT 6.3; Win64; x64; rv:102.0) Gecko/20100101 Firefox/102.0"
85.208.96.204 - - [16/Jun/2026:13:00:57 +0000] "GET /offres-d-inscription-au-casino-en-ligne/ HTTP/1.1" 200 17938 "-" "Mozilla/5.0 (compatible; SemrushBot/7~bl; +http://www.semrush.com/bot.html)"
85.208.96.197 - - [16/Jun/2026:13:01:08 +0000] "GET /m%C3%A9thodes-de-roulette-en-ligne/ HTTP/1.1" 200 18026 "-" "Mozilla/5.0 (compatible; SemrushBot/7~bl; +http://www.semrush.com/bot.html)"
114.119.147.6 - - [16/Jun/2026:13:03:40 +0000] "GET /le-jeu-de-carte-rami/ HTTP/1.1" 200 17681 "https://abagraf.com.pl/page/15/?go=pieczflash" "Mozilla/5.0 (Linux; Android 7.0;) AppleWebKit/537.36 (HTML, like Gecko) Mobile Safari/537.36 (compatible; PetalBot;+https://webmaster.petalsearch.com/site/petalbot)"
119.195.102.159 - - [16/Jun/2026:13:04:54 +0000] "GET /wp-login.php HTTP/1.1" 200 3072 "-" "Mozilla/5.0 (X11; Linux x86_64) AppleWebKit/537.36 (KHTML, like Gecko) Chrome/133.0.0.0 Safari/537.36 Edg/133.0.0.0"
