217.113.194.31 - - [17/Jun/2026:02:40:50 +0000] "GET /reczniki-personalizowane-to-idealny-wybor-dla-ciebie/ HTTP/1.1" 200 20739 "-" "Mozilla/5.0 (compatible; Barkrowler/0.9; +https://babbar.tech/crawler)"
217.113.194.22 - - [17/Jun/2026:02:41:05 +0000] "GET /personalizowane-bluzy-wyraz-siebie-unikalnym-stylem/ HTTP/1.1" 200 20890 "-" "Mozilla/5.0 (compatible; Barkrowler/0.9; +https://babbar.tech/crawler)"
217.113.194.31 - - [17/Jun/2026:02:41:21 +0000] "GET /druk-na-folii-odkryj-roznorodnosc-i-zastosowania/ HTTP/1.1" 200 21518 "-" "Mozilla/5.0 (compatible; Barkrowler/0.9; +https://babbar.tech/crawler)"
217.113.194.26 - - [17/Jun/2026:02:41:37 +0000] "GET /druk-opakowan-klucz-do-skutecznego-marketingu-produktu/ HTTP/1.1" 200 21904 "-" "Mozilla/5.0 (compatible; Barkrowler/0.9; +https://babbar.tech/crawler)"
217.113.194.31 - - [17/Jun/2026:02:41:52 +0000] "GET /plakaty-do-druku-odkryj-ich-niezwykla-popularnosc/ HTTP/1.1" 200 21024 "-" "Mozilla/5.0 (compatible; Barkrowler/0.9; +https://babbar.tech/crawler)"
217.113.194.26 - - [17/Jun/2026:02:42:08 +0000] "GET /asap-drukarnia-gwarantuje-ekspresowa-jakosc-uslug/ HTTP/1.1" 200 21528 "-" "Mozilla/5.0 (compatible; Barkrowler/0.9; +https://babbar.tech/crawler)"
91.146.102.43 - - [17/Jun/2026:02:42:11 +0000] "GET /wp-login.php HTTP/1.1" 200 3072 "-" "Mozilla/5.0 (X11; Ubuntu; Linux x86_64; rv:133.0) Gecko/20100101 Firefox/133.0"
91.146.102.43 - - [17/Jun/2026:02:42:11 +0000] "POST /wp-login.php HTTP/1.1" 200 3202 "https://abagraf.com.pl/wp-login.php" "Mozilla/5.0 (X11; Ubuntu; Linux x86_64; rv:133.0) Gecko/20100101 Firefox/133.0"
217.113.194.207 - - [17/Jun/2026:02:42:24 +0000] "GET /ceny-druku-ulotek-poznaj-najlepsze-oferty-i-opcje/ HTTP/1.1" 200 21066 "-" "Mozilla/5.0 (compatible; Barkrowler/0.9; +https://babbar.tech/crawler)"
217.113.194.29 - - [17/Jun/2026:02:42:40 +0000] "GET /druki-reklamowe-ceny-sprawdz-co-wplywa-na-koszty/ HTTP/1.1" 200 20787 "-" "Mozilla/5.0 (compatible; Barkrowler/0.9; +https://babbar.tech/crawler)"
217.113.194.23 - - [17/Jun/2026:02:42:55 +0000] "GET /drukowanie-w-kolorze-odkryj-jego-zalety-i-zastosowania/ HTTP/1.1" 200 21188 "-" "Mozilla/5.0 (compatible; Barkrowler/0.9; +https://babbar.tech/crawler)"
217.113.194.25 - - [17/Jun/2026:02:43:11 +0000] "GET /drukarnia-apla-kompleksowo-spelnia-oczekiwania-klientow/ HTTP/1.1" 200 19590 "-" "Mozilla/5.0 (compatible; Barkrowler/0.9; +https://babbar.tech/crawler)"
217.113.194.31 - - [17/Jun/2026:02:43:27 +0000] "GET /drukarnia-bochnia-nowoczesna-i-wygodna-dla-kazdego/ HTTP/1.1" 200 21018 "-" "Mozilla/5.0 (compatible; Barkrowler/0.9; +https://babbar.tech/crawler)"
217.113.194.23 - - [17/Jun/2026:02:43:43 +0000] "GET /drukarnia-prac-dyplomowych-szybki-i-profesjonalny-druk/ HTTP/1.1" 200 20578 "-" "Mozilla/5.0 (compatible; Barkrowler/0.9; +https://babbar.tech/crawler)"
217.113.194.29 - - [17/Jun/2026:02:43:58 +0000] "GET /drukarnia-ulotek-oferuje-szybki-i-efektowny-druk/ HTTP/1.1" 200 22722 "-" "Mozilla/5.0 (compatible; Barkrowler/0.9; +https://babbar.tech/crawler)"
217.113.194.22 - - [17/Jun/2026:02:44:14 +0000] "GET /drukarnia-grodzisk-mazowiecki-lokalna-jakosc-i-innowacje/ HTTP/1.1" 200 21942 "-" "Mozilla/5.0 (compatible; Barkrowler/0.9; +https://babbar.tech/crawler)"
217.113.194.25 - - [17/Jun/2026:02:44:30 +0000] "GET /kaligrafia-szlaczki-do-druku-doskonale-wzory-do-nauki/ HTTP/1.1" 200 20976 "-" "Mozilla/5.0 (compatible; Barkrowler/0.9; +https://babbar.tech/crawler)"
51.89.129.141 - - [17/Jun/2026:02:44:33 +0000] "GET /wp-content/uploads/2025/06/878.jpg HTTP/1.1" 200 103966 "-" "Mozilla/5.0 (compatible; AhrefsBot/7.0; +http://ahrefs.com/robot/)"
217.113.194.31 - - [17/Jun/2026:02:44:45 +0000] "GET /stawki-doplat-ekologicznych-2024-zaskakuja-rolnikow/ HTTP/1.1" 200 20635 "-" "Mozilla/5.0 (compatible; Barkrowler/0.9; +https://babbar.tech/crawler)"
217.113.194.30 - - [17/Jun/2026:02:45:01 +0000] "GET /cgs-drukarnia-najlepsze-uslugi-poligraficzne-w-polsce/ HTTP/1.1" 200 19427 "-" "Mozilla/5.0 (compatible; Barkrowler/0.9; +https://babbar.tech/crawler)"
217.113.194.243 - - [17/Jun/2026:02:45:17 +0000] "GET /cmyk-drukarnia-najlepszy-wybor-do-kolorowego-druku/ HTTP/1.1" 200 21644 "-" "Mozilla/5.0 (compatible; Barkrowler/0.9; +https://babbar.tech/crawler)"
217.113.194.25 - - [17/Jun/2026:02:45:33 +0000] "GET /cena-druku-reklamowego-i-jej-zaskakujace-roznice/ HTTP/1.1" 200 20823 "-" "Mozilla/5.0 (compatible; Barkrowler/0.9; +https://babbar.tech/crawler)"
217.113.194.26 - - [17/Jun/2026:02:45:49 +0000] "GET /7-ulotek-reklamowych-zaskakujaco-skutecznych-i-tanich/ HTTP/1.1" 200 21191 "-" "Mozilla/5.0 (compatible; Barkrowler/0.9; +https://babbar.tech/crawler)"
52.167.144.203 - - [17/Jun/2026:02:45:56 +0000] "GET /casino-de-pari-gratuits-aucun-d%C3%A9p%C3%B4t-requis/ HTTP/1.1" 200 17686 "-" "Mozilla/5.0 AppleWebKit/537.36 (KHTML, like Gecko; compatible; bingbot/2.0; +http://www.bing.com/bingbot.htm) Chrome/116.0.1938.76 Safari/537.36"
217.113.194.31 - - [17/Jun/2026:02:46:04 +0000] "GET /personalizowane-czapki-z-daszkiem-jako-wyjatkowy-styl/ HTTP/1.1" 200 20765 "-" "Mozilla/5.0 (compatible; Barkrowler/0.9; +https://babbar.tech/crawler)"
217.113.194.28 - - [17/Jun/2026:02:46:20 +0000] "GET /nowoczesne-technologie-drukarskie-rewolucjonizuja-branze/ HTTP/1.1" 200 21225 "-" "Mozilla/5.0 (compatible; Barkrowler/0.9; +https://babbar.tech/crawler)"
217.113.194.24 - - [17/Jun/2026:02:46:36 +0000] "GET /druk-plakatow-warszawa-na-najwyzszym-poziomie-jakosci/ HTTP/1.1" 200 21267 "-" "Mozilla/5.0 (compatible; Barkrowler/0.9; +https://babbar.tech/crawler)"
217.113.194.22 - - [17/Jun/2026:02:46:52 +0000] "GET /drukarnia-opole-najlepszy-wybor-dla-szybkiego-druku/ HTTP/1.1" 200 20424 "-" "Mozilla/5.0 (compatible; Barkrowler/0.9; +https://babbar.tech/crawler)"
217.113.194.31 - - [17/Jun/2026:02:47:07 +0000] "GET /drukarnia-biala-podlaska-profesjonalna-i-nowoczesna-oferta/ HTTP/1.1" 200 19943 "-" "Mozilla/5.0 (compatible; Barkrowler/0.9; +https://babbar.tech/crawler)"
217.113.194.208 - - [17/Jun/2026:02:47:23 +0000] "GET /drukarnia-grudziadz-najlepszy-wybor-dla-jakosci-druku/ HTTP/1.1" 200 20325 "-" "Mozilla/5.0 (compatible; Barkrowler/0.9; +https://babbar.tech/crawler)"
217.113.194.23 - - [17/Jun/2026:02:47:39 +0000] "GET /wymiary-wizytowki-idealne-dopasowanie-do-twojej-branzy/ HTTP/1.1" 200 20349 "-" "Mozilla/5.0 (compatible; Barkrowler/0.9; +https://babbar.tech/crawler)"
217.113.194.24 - - [17/Jun/2026:02:47:55 +0000] "GET /wydruk-ulotek-efektywna-i-szybka-opcja-reklamowa/ HTTP/1.1" 200 20997 "-" "Mozilla/5.0 (compatible; Barkrowler/0.9; +https://babbar.tech/crawler)"
217.113.194.31 - - [17/Jun/2026:02:48:10 +0000] "GET /jak-obnizyc-koszty-druku-w-biurze-latwo-i-szybko/ HTTP/1.1" 200 20984 "-" "Mozilla/5.0 (compatible; Barkrowler/0.9; +https://babbar.tech/crawler)"
217.113.194.25 - - [17/Jun/2026:02:48:26 +0000] "GET /ksero-lodz-najlepsze-szybkie-i-tanie-uslugi-w-miescie/ HTTP/1.1" 200 20743 "-" "Mozilla/5.0 (compatible; Barkrowler/0.9; +https://babbar.tech/crawler)"
217.113.194.24 - - [17/Jun/2026:02:48:42 +0000] "GET /czynniki-wplywajace-na-koszt-druku-i-ich-znaczenie-4/ HTTP/1.1" 200 21809 "-" "Mozilla/5.0 (compatible; Barkrowler/0.9; +https://babbar.tech/crawler)"
217.113.194.25 - - [17/Jun/2026:02:48:57 +0000] "GET /czynniki-wplywajace-na-koszt-druku-i-ich-znaczenie-2/ HTTP/1.1" 200 21625 "-" "Mozilla/5.0 (compatible; Barkrowler/0.9; +https://babbar.tech/crawler)"
217.113.194.31 - - [17/Jun/2026:02:49:13 +0000] "GET /ulotki-online-wygodne-i-nowoczesne-rozwiazania-marketingowe/ HTTP/1.1" 200 21237 "-" "Mozilla/5.0 (compatible; Barkrowler/0.9; +https://babbar.tech/crawler)"
217.113.194.31 - - [17/Jun/2026:02:49:29 +0000] "GET /ulotki-reklamowe-wzory-odkryj-najlepsze-projekty/ HTTP/1.1" 200 21475 "-" "Mozilla/5.0 (compatible; Barkrowler/0.9; +https://babbar.tech/crawler)"
217.113.194.27 - - [17/Jun/2026:02:49:44 +0000] "GET /ulotki-reklamowe-zwiekszaja-zainteresowanie-i-sprzedaz/ HTTP/1.1" 200 20904 "-" "Mozilla/5.0 (compatible; Barkrowler/0.9; +https://babbar.tech/crawler)"
103.28.36.199 - - [17/Jun/2026:02:49:46 +0000] "GET /wp-login.php HTTP/1.1" 200 3072 "-" "Mozilla/5.0 (Windows NT 10.0; WOW64) AppleWebKit/537.36 (KHTML, like Gecko) Chrome/133.0.0.0 Safari/537.36"
103.28.36.199 - - [17/Jun/2026:02:49:47 +0000] "POST /wp-login.php HTTP/1.1" 200 3202 "https://abagraf.com.pl/wp-login.php" "Mozilla/5.0 (Windows NT 10.0; WOW64) AppleWebKit/537.36 (KHTML, like Gecko) Chrome/133.0.0.0 Safari/537.36"
217.113.194.23 - - [17/Jun/2026:02:50:00 +0000] "GET /druk-wielkoformatowy-cena-najlepsze-oferty-w-2023-roku/ HTTP/1.1" 200 21318 "-" "Mozilla/5.0 (compatible; Barkrowler/0.9; +https://babbar.tech/crawler)"
217.113.194.31 - - [17/Jun/2026:02:50:16 +0000] "GET /druk-cyfrowy-jako-nowoczesne-rozwiazanie-dla-biznesu/ HTTP/1.1" 200 22975 "-" "Mozilla/5.0 (compatible; Barkrowler/0.9; +https://babbar.tech/crawler)"
217.113.194.23 - - [17/Jun/2026:02:50:33 +0000] "GET /druk-cyfrowy-to-nowoczesna-technologia-dla-wszystkich/ HTTP/1.1" 200 22019 "-" "Mozilla/5.0 (compatible; Barkrowler/0.9; +https://babbar.tech/crawler)"
217.113.194.208 - - [17/Jun/2026:02:50:48 +0000] "GET /drukarnia-cyfrowa-najlepsze-rozwiazania-dla-biznesu/ HTTP/1.1" 200 20180 "-" "Mozilla/5.0 (compatible; Barkrowler/0.9; +https://babbar.tech/crawler)"
217.113.194.28 - - [17/Jun/2026:02:51:04 +0000] "GET /drukarnia-kielce-najlepsze-uslugi-drukarskie-online-w-kielcach/ HTTP/1.1" 200 20860 "-" "Mozilla/5.0 (compatible; Barkrowler/0.9; +https://babbar.tech/crawler)"
217.113.194.30 - - [17/Jun/2026:02:51:20 +0000] "GET /drukarnia-nowy-targ-najlepsza-jakosc-i-szybka-realizacja/ HTTP/1.1" 200 20914 "-" "Mozilla/5.0 (compatible; Barkrowler/0.9; +https://babbar.tech/crawler)"
217.113.194.29 - - [17/Jun/2026:02:51:35 +0000] "GET /drukarnia-koszalin-kompleksowa-oferta-i-wysoka-jakosc-uslug/ HTTP/1.1" 200 21332 "-" "Mozilla/5.0 (compatible; Barkrowler/0.9; +https://babbar.tech/crawler)"
217.113.194.24 - - [17/Jun/2026:02:51:51 +0000] "GET /drukarnia-bielany-najlepsze-nowoczesne-uslugi-drukarskie/ HTTP/1.1" 200 20644 "-" "Mozilla/5.0 (compatible; Barkrowler/0.9; +https://babbar.tech/crawler)"
217.113.194.243 - - [17/Jun/2026:02:52:07 +0000] "GET /ile-kosztuje-druk-wizytowek-sprawdz-aktualne-ceny/ HTTP/1.1" 200 20365 "-" "Mozilla/5.0 (compatible; Barkrowler/0.9; +https://babbar.tech/crawler)"
192.71.2.57 - - [17/Jun/2026:02:52:09 +0000] "GET / HTTP/1.1" 200 17296 "http://abagraf.com.pl/" "Mozilla/5.0 (Windows NT 10.0; Win64; x64; rv:123.0) Gecko/20100101 Firefox/123"
192.71.126.249 - - [17/Jun/2026:02:52:10 +0000] "GET /gagnant-de-la-roulette-syst%C3%A8me-en-ligne-gratuitsment/ HTTP/1.1" 200 17916 "-" "Mozilla/5.0 (Windows NT 10.0; Win64; x64; rv:123.0) Gecko/20100101 Firefox/123"
192.71.142.40 - - [17/Jun/2026:02:52:10 +0000] "GET /papirusek-drukarnia-jakosc-uslug-na-najwyzszym-poziomie/ HTTP/1.1" 200 18948 "-" "Mozilla/5.0 (Windows NT 10.0; Win64; x64; rv:123.0) Gecko/20100101 Firefox/123"
192.71.142.176 - - [17/Jun/2026:02:52:11 +0000] "GET /oprawa-prac-dyplomowych-gwarancja-trwalosci-i-elegancji/ HTTP/1.1" 200 20822 "-" "Mozilla/5.0 (Windows NT 10.0; Win64; x64; rv:123.0) Gecko/20100101 Firefox/123"
217.113.194.31 - - [17/Jun/2026:02:52:23 +0000] "GET /ile-kosztuje-wydruk-ulotek-odkryj-korzystne-ceny/ HTTP/1.1" 200 20298 "-" "Mozilla/5.0 (compatible; Barkrowler/0.9; +https://babbar.tech/crawler)"
217.113.194.31 - - [17/Jun/2026:02:52:38 +0000] "GET /gdzie-wydrukowac-dokumenty-sprawdz-najlepsze-miejsca/ HTTP/1.1" 200 20864 "-" "Mozilla/5.0 (compatible; Barkrowler/0.9; +https://babbar.tech/crawler)"
217.113.194.26 - - [17/Jun/2026:02:52:54 +0000] "GET /czy-mozna-wydrukowac-raport-dobowy-2-razy-skutecznie/ HTTP/1.1" 200 20922 "-" "Mozilla/5.0 (compatible; Barkrowler/0.9; +https://babbar.tech/crawler)"
217.113.194.30 - - [17/Jun/2026:02:53:10 +0000] "GET /ceny-wydrukow-na-plakatach-sprawdz-korzystne-oferty/ HTTP/1.1" 200 20983 "-" "Mozilla/5.0 (compatible; Barkrowler/0.9; +https://babbar.tech/crawler)"
217.113.194.207 - - [17/Jun/2026:02:53:25 +0000] "GET /ulotki-druk-odkryj-ich-wszechstronnosc-i-mozliwosci/ HTTP/1.1" 200 21059 "-" "Mozilla/5.0 (compatible; Barkrowler/0.9; +https://babbar.tech/crawler)"
217.113.194.243 - - [17/Jun/2026:02:53:41 +0000] "GET /mjp-drukarnia-w-poznaniu-oferuje-kompleksowe-uslugi-poligraficzne/ HTTP/1.1" 200 19597 "-" "Mozilla/5.0 (compatible; Barkrowler/0.9; +https://babbar.tech/crawler)"
217.113.194.31 - - [17/Jun/2026:02:53:57 +0000] "GET /drukmax-drukarnia-liderem-nowoczesnego-druku-warszawy/ HTTP/1.1" 200 20700 "-" "Mozilla/5.0 (compatible; Barkrowler/0.9; +https://babbar.tech/crawler)"
217.113.194.28 - - [17/Jun/2026:02:54:13 +0000] "GET /drukarnia-czestochowa-zapewnia-szybki-i-profesjonalny-druk/ HTTP/1.1" 200 20542 "-" "Mozilla/5.0 (compatible; Barkrowler/0.9; +https://babbar.tech/crawler)"
217.113.194.207 - - [17/Jun/2026:02:54:28 +0000] "GET /drukarnia-tczew-gwarancja-najwyzszej-jakosci-uslug/ HTTP/1.1" 200 21466 "-" "Mozilla/5.0 (compatible; Barkrowler/0.9; +https://babbar.tech/crawler)"
217.113.194.243 - - [17/Jun/2026:02:54:44 +0000] "GET /drukarnia-katalogow-oferuje-wyjatkowa-personalizacje-i-jakosc/ HTTP/1.1" 200 23167 "-" "Mozilla/5.0 (compatible; Barkrowler/0.9; +https://babbar.tech/crawler)"
159.65.137.210 - - [17/Jun/2026:02:54:54 +0000] "GET /wp-login.php HTTP/1.1" 200 3072 "-" "Mozilla/5.0 (X11; Linux x86_64) AppleWebKit/537.36 (KHTML, like Gecko) Chrome/122.0.6261.57 Safari/537.36"
159.65.137.210 - - [17/Jun/2026:02:54:57 +0000] "GET /wp-login.php HTTP/1.1" 200 3072 "-" "Mozilla/5.0 (X11; Ubuntu; Linux x86_64) AppleWebKit/537.36 (KHTML, like Gecko) Chrome/119.0.6045.159 Safari/537.36"
159.65.137.210 - - [17/Jun/2026:02:54:59 +0000] "POST /wp-login.php HTTP/1.1" 200 3244 "https://abagraf.com.pl/wp-login.php" "Mozilla/5.0 (Windows NT 10.0; Win64; x64) Gecko/20100101 Firefox/122.0"
159.65.137.210 - - [17/Jun/2026:02:54:59 +0000] "GET /wp-admin/index.php HTTP/1.1" 302 5 "https://abagraf.com.pl/wp-login.php" "Mozilla/5.0 (Windows NT 10.0; Win64; x64) Gecko/20100101 Firefox/122.0"
217.113.194.31 - - [17/Jun/2026:02:55:00 +0000] "GET /projektowanie-graficzne-gwarantuje-wyjatkowe-efekty-wizualne/ HTTP/1.1" 200 22469 "-" "Mozilla/5.0 (compatible; Barkrowler/0.9; +https://babbar.tech/crawler)"
159.65.137.210 - - [17/Jun/2026:02:55:00 +0000] "GET /wp-login.php?redirect_to=https%3A%2F%2Fabagraf.com.pl%2Fwp-admin%2Findex.php&reauth=1 HTTP/1.1" 200 3084 "https://abagraf.com.pl/wp-login.php" "Mozilla/5.0 (Windows NT 10.0; Win64; x64) Gecko/20100101 Firefox/122.0"
159.65.137.210 - - [17/Jun/2026:02:55:01 +0000] "POST /wp-login.php HTTP/1.1" 200 3254 "https://abagraf.com.pl/wp-login.php" "Mozilla/5.0 (X11; Linux x86_64) Gecko/20100101 Firefox/119.0.1"
159.65.137.210 - - [17/Jun/2026:02:55:02 +0000] "GET /wp-admin/index.php HTTP/1.1" 302 5 "https://abagraf.com.pl/wp-login.php" "Mozilla/5.0 (X11; Linux x86_64) Gecko/20100101 Firefox/119.0.1"
159.65.137.210 - - [17/Jun/2026:02:55:03 +0000] "GET /wp-login.php?redirect_to=https%3A%2F%2Fabagraf.com.pl%2Fwp-admin%2Findex.php&reauth=1 HTTP/1.1" 200 3084 "https://abagraf.com.pl/wp-login.php" "Mozilla/5.0 (X11; Linux x86_64) Gecko/20100101 Firefox/119.0.1"
159.65.137.210 - - [17/Jun/2026:02:55:04 +0000] "POST /wp-login.php HTTP/1.1" 200 3245 "https://abagraf.com.pl/wp-login.php" "Mozilla/5.0 (Macintosh; Intel Mac OS X 10.15) Gecko/20100101 Firefox/120.0.1"
159.65.137.210 - - [17/Jun/2026:02:55:05 +0000] "GET /wp-admin/index.php HTTP/1.1" 302 5 "https://abagraf.com.pl/wp-login.php" "Mozilla/5.0 (Macintosh; Intel Mac OS X 10.15) Gecko/20100101 Firefox/120.0.1"
159.65.137.210 - - [17/Jun/2026:02:55:06 +0000] "GET /wp-login.php?redirect_to=https%3A%2F%2Fabagraf.com.pl%2Fwp-admin%2Findex.php&reauth=1 HTTP/1.1" 200 3084 "https://abagraf.com.pl/wp-login.php" "Mozilla/5.0 (Macintosh; Intel Mac OS X 10.15) Gecko/20100101 Firefox/120.0.1"
159.65.137.210 - - [17/Jun/2026:02:55:07 +0000] "POST /wp-login.php HTTP/1.1" 200 3254 "https://abagraf.com.pl/wp-login.php" "Mozilla/5.0 (Macintosh; Intel Mac OS X 10.15) Gecko/20100101 Firefox/121.0"
159.65.137.210 - - [17/Jun/2026:02:55:08 +0000] "GET /wp-admin/index.php HTTP/1.1" 302 5 "https://abagraf.com.pl/wp-login.php" "Mozilla/5.0 (Macintosh; Intel Mac OS X 10.15) Gecko/20100101 Firefox/121.0"
159.65.137.210 - - [17/Jun/2026:02:55:08 +0000] "GET /wp-login.php?redirect_to=https%3A%2F%2Fabagraf.com.pl%2Fwp-admin%2Findex.php&reauth=1 HTTP/1.1" 200 3084 "https://abagraf.com.pl/wp-login.php" "Mozilla/5.0 (Macintosh; Intel Mac OS X 10.15) Gecko/20100101 Firefox/121.0"
159.65.137.210 - - [17/Jun/2026:02:55:09 +0000] "POST /wp-login.php HTTP/1.1" 200 3247 "https://abagraf.com.pl/wp-login.php" "Mozilla/5.0 (Windows NT 10.0; Win64; x64) Gecko/20100101 Firefox/120.0.1"
159.65.137.210 - - [17/Jun/2026:02:55:10 +0000] "GET /wp-admin/index.php HTTP/1.1" 302 5 "https://abagraf.com.pl/wp-login.php" "Mozilla/5.0 (Windows NT 10.0; Win64; x64) Gecko/20100101 Firefox/120.0.1"
159.65.137.210 - - [17/Jun/2026:02:55:11 +0000] "GET /wp-login.php?redirect_to=https%3A%2F%2Fabagraf.com.pl%2Fwp-admin%2Findex.php&reauth=1 HTTP/1.1" 200 3084 "https://abagraf.com.pl/wp-login.php" "Mozilla/5.0 (Windows NT 10.0; Win64; x64) Gecko/20100101 Firefox/120.0.1"
159.65.137.210 - - [17/Jun/2026:02:55:13 +0000] "POST /wp-login.php HTTP/1.1" 200 3253 "https://abagraf.com.pl/wp-login.php" "Mozilla/5.0 (Windows NT 10.0; Win64; x64) Gecko/20100101 Firefox/121.0"
159.65.137.210 - - [17/Jun/2026:02:55:13 +0000] "GET /wp-admin/index.php HTTP/1.1" 302 5 "https://abagraf.com.pl/wp-login.php" "Mozilla/5.0 (Windows NT 10.0; Win64; x64) Gecko/20100101 Firefox/121.0"
159.65.137.210 - - [17/Jun/2026:02:55:14 +0000] "GET /wp-login.php?redirect_to=https%3A%2F%2Fabagraf.com.pl%2Fwp-admin%2Findex.php&reauth=1 HTTP/1.1" 200 3084 "https://abagraf.com.pl/wp-login.php" "Mozilla/5.0 (Windows NT 10.0; Win64; x64) Gecko/20100101 Firefox/121.0"
217.113.194.23 - - [17/Jun/2026:02:55:16 +0000] "GET /wydruk-na-plotnie-odkryj-piekno-osobistych-dekoracji/ HTTP/1.1" 200 21510 "-" "Mozilla/5.0 (compatible; Barkrowler/0.9; +https://babbar.tech/crawler)"
159.65.137.210 - - [17/Jun/2026:02:55:16 +0000] "POST /wp-login.php HTTP/1.1" 200 3247 "https://abagraf.com.pl/wp-login.php" "Mozilla/5.0 (Macintosh; Intel Mac OS X 10.15) Gecko/20100101 Firefox/121.0"
159.65.137.210 - - [17/Jun/2026:02:55:16 +0000] "GET /wp-admin/index.php HTTP/1.1" 302 5 "https://abagraf.com.pl/wp-login.php" "Mozilla/5.0 (Macintosh; Intel Mac OS X 10.15) Gecko/20100101 Firefox/121.0"
159.65.137.210 - - [17/Jun/2026:02:55:17 +0000] "GET /wp-login.php?redirect_to=https%3A%2F%2Fabagraf.com.pl%2Fwp-admin%2Findex.php&reauth=1 HTTP/1.1" 200 3084 "https://abagraf.com.pl/wp-login.php" "Mozilla/5.0 (Macintosh; Intel Mac OS X 10.15) Gecko/20100101 Firefox/121.0"
159.65.137.210 - - [17/Jun/2026:02:55:19 +0000] "POST /wp-login.php HTTP/1.1" 200 3248 "https://abagraf.com.pl/wp-login.php" "Mozilla/5.0 (Windows NT 10.0; Win64; x64) Gecko/20100101 Firefox/121.0"
159.65.137.210 - - [17/Jun/2026:02:55:19 +0000] "GET /wp-admin/index.php HTTP/1.1" 302 5 "https://abagraf.com.pl/wp-login.php" "Mozilla/5.0 (Windows NT 10.0; Win64; x64) Gecko/20100101 Firefox/121.0"
159.65.137.210 - - [17/Jun/2026:02:55:20 +0000] "GET /wp-login.php?redirect_to=https%3A%2F%2Fabagraf.com.pl%2Fwp-admin%2Findex.php&reauth=1 HTTP/1.1" 200 3084 "https://abagraf.com.pl/wp-login.php" "Mozilla/5.0 (Windows NT 10.0; Win64; x64) Gecko/20100101 Firefox/121.0"
159.65.137.210 - - [17/Jun/2026:02:55:21 +0000] "POST /wp-login.php HTTP/1.1" 200 3245 "https://abagraf.com.pl/wp-login.php" "Mozilla/5.0 (Macintosh; Intel Mac OS X 10.15) Gecko/20100101 Firefox/119.0.1"
159.65.137.210 - - [17/Jun/2026:02:55:22 +0000] "GET /wp-admin/index.php HTTP/1.1" 302 5 "https://abagraf.com.pl/wp-login.php" "Mozilla/5.0 (Macintosh; Intel Mac OS X 10.15) Gecko/20100101 Firefox/119.0.1"
159.65.137.210 - - [17/Jun/2026:02:55:23 +0000] "GET /wp-login.php?redirect_to=https%3A%2F%2Fabagraf.com.pl%2Fwp-admin%2Findex.php&reauth=1 HTTP/1.1" 200 3084 "https://abagraf.com.pl/wp-login.php" "Mozilla/5.0 (Macintosh; Intel Mac OS X 10.15) Gecko/20100101 Firefox/119.0.1"
159.65.137.210 - - [17/Jun/2026:02:55:24 +0000] "POST /wp-login.php HTTP/1.1" 200 3246 "https://abagraf.com.pl/wp-login.php" "Mozilla/5.0 (X11; Linux x86_64) Gecko/20100101 Firefox/119.0.1"
159.65.137.210 - - [17/Jun/2026:02:55:25 +0000] "GET /wp-admin/index.php HTTP/1.1" 302 5 "https://abagraf.com.pl/wp-login.php" "Mozilla/5.0 (X11; Linux x86_64) Gecko/20100101 Firefox/119.0.1"
159.65.137.210 - - [17/Jun/2026:02:55:26 +0000] "GET /wp-login.php?redirect_to=https%3A%2F%2Fabagraf.com.pl%2Fwp-admin%2Findex.php&reauth=1 HTTP/1.1" 200 3084 "https://abagraf.com.pl/wp-login.php" "Mozilla/5.0 (X11; Linux x86_64) Gecko/20100101 Firefox/119.0.1"
159.65.137.210 - - [17/Jun/2026:02:55:27 +0000] "POST /wp-login.php HTTP/1.1" 200 3245 "https://abagraf.com.pl/wp-login.php" "Mozilla/5.0 (X11; Ubuntu; Linux x86_64) AppleWebKit/537.36 (KHTML, like Gecko) Chrome/120.0.6099.130 Safari/537.36"
159.65.137.210 - - [17/Jun/2026:02:55:28 +0000] "GET /wp-admin/index.php HTTP/1.1" 302 5 "https://abagraf.com.pl/wp-login.php" "Mozilla/5.0 (X11; Ubuntu; Linux x86_64) AppleWebKit/537.36 (KHTML, like Gecko) Chrome/120.0.6099.130 Safari/537.36"
159.65.137.210 - - [17/Jun/2026:02:55:29 +0000] "GET /wp-login.php?redirect_to=https%3A%2F%2Fabagraf.com.pl%2Fwp-admin%2Findex.php&reauth=1 HTTP/1.1" 200 3084 "https://abagraf.com.pl/wp-login.php" "Mozilla/5.0 (X11; Ubuntu; Linux x86_64) AppleWebKit/537.36 (KHTML, like Gecko) Chrome/120.0.6099.130 Safari/537.36"
159.65.137.210 - - [17/Jun/2026:02:55:30 +0000] "POST /wp-login.php HTTP/1.1" 200 3249 "https://abagraf.com.pl/wp-login.php" "Mozilla/5.0 (X11; Linux x86_64) Gecko/20100101 Firefox/118.0.2"
159.65.137.210 - - [17/Jun/2026:02:55:31 +0000] "GET /wp-admin/index.php HTTP/1.1" 302 5 "https://abagraf.com.pl/wp-login.php" "Mozilla/5.0 (X11; Linux x86_64) Gecko/20100101 Firefox/118.0.2"
159.65.137.210 - - [17/Jun/2026:02:55:31 +0000] "GET /wp-login.php?redirect_to=https%3A%2F%2Fabagraf.com.pl%2Fwp-admin%2Findex.php&reauth=1 HTTP/1.1" 200 3084 "https://abagraf.com.pl/wp-login.php" "Mozilla/5.0 (X11; Linux x86_64) Gecko/20100101 Firefox/118.0.2"
217.113.194.30 - - [17/Jun/2026:02:55:31 +0000] "GET /zapomnialem-wydrukowac-raport-miesieczny-co-teraz-robic/ HTTP/1.1" 200 20909 "-" "Mozilla/5.0 (compatible; Barkrowler/0.9; +https://babbar.tech/crawler)"
159.65.137.210 - - [17/Jun/2026:02:55:33 +0000] "POST /wp-login.php HTTP/1.1" 200 3248 "https://abagraf.com.pl/wp-login.php" "Mozilla/5.0 (Macintosh; Intel Mac OS X 10.15) Gecko/20100101 Firefox/121.0"
159.65.137.210 - - [17/Jun/2026:02:55:34 +0000] "GET /wp-admin/index.php HTTP/1.1" 302 5 "https://abagraf.com.pl/wp-login.php" "Mozilla/5.0 (Macintosh; Intel Mac OS X 10.15) Gecko/20100101 Firefox/121.0"
159.65.137.210 - - [17/Jun/2026:02:55:34 +0000] "GET /wp-login.php?redirect_to=https%3A%2F%2Fabagraf.com.pl%2Fwp-admin%2Findex.php&reauth=1 HTTP/1.1" 200 3084 "https://abagraf.com.pl/wp-login.php" "Mozilla/5.0 (Macintosh; Intel Mac OS X 10.15) Gecko/20100101 Firefox/121.0"
159.65.137.210 - - [17/Jun/2026:02:55:36 +0000] "POST /wp-login.php HTTP/1.1" 200 3246 "https://abagraf.com.pl/wp-login.php" "Mozilla/5.0 (X11; Ubuntu; Linux x86_64) AppleWebKit/537.36 (KHTML, like Gecko) Chrome/121.0.6167.85 Safari/537.36"
159.65.137.210 - - [17/Jun/2026:02:55:37 +0000] "GET /wp-admin/index.php HTTP/1.1" 302 5 "https://abagraf.com.pl/wp-login.php" "Mozilla/5.0 (X11; Ubuntu; Linux x86_64) AppleWebKit/537.36 (KHTML, like Gecko) Chrome/121.0.6167.85 Safari/537.36"
159.65.137.210 - - [17/Jun/2026:02:55:37 +0000] "GET /wp-login.php?redirect_to=https%3A%2F%2Fabagraf.com.pl%2Fwp-admin%2Findex.php&reauth=1 HTTP/1.1" 200 3084 "https://abagraf.com.pl/wp-login.php" "Mozilla/5.0 (X11; Ubuntu; Linux x86_64) AppleWebKit/537.36 (KHTML, like Gecko) Chrome/121.0.6167.85 Safari/537.36"
159.65.137.210 - - [17/Jun/2026:02:55:39 +0000] "POST /wp-login.php HTTP/1.1" 200 3245 "https://abagraf.com.pl/wp-login.php" "Mozilla/5.0 (Macintosh; Intel Mac OS X 13_6_2) AppleWebKit/537.36 (KHTML, like Gecko) Chrome/122.0.6261.57 Safari/537.36"
159.65.137.210 - - [17/Jun/2026:02:55:40 +0000] "GET /wp-admin/index.php HTTP/1.1" 302 5 "https://abagraf.com.pl/wp-login.php" "Mozilla/5.0 (Macintosh; Intel Mac OS X 13_6_2) AppleWebKit/537.36 (KHTML, like Gecko) Chrome/122.0.6261.57 Safari/537.36"
159.65.137.210 - - [17/Jun/2026:02:55:40 +0000] "GET /wp-login.php?redirect_to=https%3A%2F%2Fabagraf.com.pl%2Fwp-admin%2Findex.php&reauth=1 HTTP/1.1" 200 3084 "https://abagraf.com.pl/wp-login.php" "Mozilla/5.0 (Macintosh; Intel Mac OS X 13_6_2) AppleWebKit/537.36 (KHTML, like Gecko) Chrome/122.0.6261.57 Safari/537.36"
159.65.137.210 - - [17/Jun/2026:02:55:42 +0000] "POST /wp-login.php HTTP/1.1" 200 3193 "https://abagraf.com.pl/wp-login.php" "Mozilla/5.0 (Macintosh; Intel Mac OS X 10.15) Gecko/20100101 Firefox/119.0.1"
159.65.137.210 - - [17/Jun/2026:02:55:43 +0000] "GET /wp-admin/index.php HTTP/1.1" 302 5 "https://abagraf.com.pl/wp-login.php" "Mozilla/5.0 (Macintosh; Intel Mac OS X 10.15) Gecko/20100101 Firefox/119.0.1"
159.65.137.210 - - [17/Jun/2026:02:55:44 +0000] "GET /wp-login.php?redirect_to=https%3A%2F%2Fabagraf.com.pl%2Fwp-admin%2Findex.php&reauth=1 HTTP/1.1" 200 3084 "https://abagraf.com.pl/wp-login.php" "Mozilla/5.0 (Macintosh; Intel Mac OS X 10.15) Gecko/20100101 Firefox/119.0.1"
159.65.137.210 - - [17/Jun/2026:02:55:45 +0000] "POST /wp-login.php HTTP/1.1" 200 3249 "https://abagraf.com.pl/wp-login.php" "Mozilla/5.0 (X11; Ubuntu; Linux x86_64) AppleWebKit/537.36 (KHTML, like Gecko) Chrome/119.0.6045.159 Safari/537.36"
159.65.137.210 - - [17/Jun/2026:02:55:46 +0000] "GET /wp-admin/index.php HTTP/1.1" 302 5 "https://abagraf.com.pl/wp-login.php" "Mozilla/5.0 (X11; Ubuntu; Linux x86_64) AppleWebKit/537.36 (KHTML, like Gecko) Chrome/119.0.6045.159 Safari/537.36"
159.65.137.210 - - [17/Jun/2026:02:55:47 +0000] "GET /wp-login.php?redirect_to=https%3A%2F%2Fabagraf.com.pl%2Fwp-admin%2Findex.php&reauth=1 HTTP/1.1" 200 3084 "https://abagraf.com.pl/wp-login.php" "Mozilla/5.0 (X11; Ubuntu; Linux x86_64) AppleWebKit/537.36 (KHTML, like Gecko) Chrome/119.0.6045.159 Safari/537.36"
217.113.194.31 - - [17/Jun/2026:02:55:47 +0000] "GET /materialy-uzywane-w-druku-cyfrowym-klucz-do-jakosci-druku/ HTTP/1.1" 200 21812 "-" "Mozilla/5.0 (compatible; Barkrowler/0.9; +https://babbar.tech/crawler)"
159.65.137.210 - - [17/Jun/2026:02:55:48 +0000] "POST /wp-login.php HTTP/1.1" 200 3250 "https://abagraf.com.pl/wp-login.php" "Mozilla/5.0 (Macintosh; Intel Mac OS X 13_6_2) AppleWebKit/537.36 (KHTML, like Gecko) Chrome/122.0.6261.57 Safari/537.36"
159.65.137.210 - - [17/Jun/2026:02:55:49 +0000] "GET /wp-admin/index.php HTTP/1.1" 302 5 "https://abagraf.com.pl/wp-login.php" "Mozilla/5.0 (Macintosh; Intel Mac OS X 13_6_2) AppleWebKit/537.36 (KHTML, like Gecko) Chrome/122.0.6261.57 Safari/537.36"
159.65.137.210 - - [17/Jun/2026:02:55:50 +0000] "GET /wp-login.php?redirect_to=https%3A%2F%2Fabagraf.com.pl%2Fwp-admin%2Findex.php&reauth=1 HTTP/1.1" 200 3084 "https://abagraf.com.pl/wp-login.php" "Mozilla/5.0 (Macintosh; Intel Mac OS X 13_6_2) AppleWebKit/537.36 (KHTML, like Gecko) Chrome/122.0.6261.57 Safari/537.36"
159.65.137.210 - - [17/Jun/2026:02:55:51 +0000] "POST /wp-login.php HTTP/1.1" 200 3252 "https://abagraf.com.pl/wp-login.php" "Mozilla/5.0 (Windows NT 10.0; Win64; x64) Gecko/20100101 Firefox/122.0"
159.65.137.210 - - [17/Jun/2026:02:55:51 +0000] "GET /wp-admin/index.php HTTP/1.1" 302 5 "https://abagraf.com.pl/wp-login.php" "Mozilla/5.0 (Windows NT 10.0; Win64; x64) Gecko/20100101 Firefox/122.0"
159.65.137.210 - - [17/Jun/2026:02:55:52 +0000] "GET /wp-login.php?redirect_to=https%3A%2F%2Fabagraf.com.pl%2Fwp-admin%2Findex.php&reauth=1 HTTP/1.1" 200 3084 "https://abagraf.com.pl/wp-login.php" "Mozilla/5.0 (Windows NT 10.0; Win64; x64) Gecko/20100101 Firefox/122.0"
159.65.137.210 - - [17/Jun/2026:02:55:53 +0000] "POST /wp-login.php HTTP/1.1" 200 3249 "https://abagraf.com.pl/wp-login.php" "Mozilla/5.0 (Macintosh; Intel Mac OS X 10.15) Gecko/20100101 Firefox/120.0.1"
159.65.137.210 - - [17/Jun/2026:02:55:54 +0000] "GET /wp-admin/index.php HTTP/1.1" 302 5 "https://abagraf.com.pl/wp-login.php" "Mozilla/5.0 (Macintosh; Intel Mac OS X 10.15) Gecko/20100101 Firefox/120.0.1"
159.65.137.210 - - [17/Jun/2026:02:55:55 +0000] "GET /wp-login.php?redirect_to=https%3A%2F%2Fabagraf.com.pl%2Fwp-admin%2Findex.php&reauth=1 HTTP/1.1" 200 3084 "https://abagraf.com.pl/wp-login.php" "Mozilla/5.0 (Macintosh; Intel Mac OS X 10.15) Gecko/20100101 Firefox/120.0.1"
159.65.137.210 - - [17/Jun/2026:02:55:56 +0000] "POST /wp-login.php HTTP/1.1" 200 3243 "https://abagraf.com.pl/wp-login.php" "Mozilla/5.0 (X11; Linux x86_64) Gecko/20100101 Firefox/122.0"
159.65.137.210 - - [17/Jun/2026:02:55:57 +0000] "GET /wp-admin/index.php HTTP/1.1" 302 5 "https://abagraf.com.pl/wp-login.php" "Mozilla/5.0 (X11; Linux x86_64) Gecko/20100101 Firefox/122.0"
159.65.137.210 - - [17/Jun/2026:02:55:58 +0000] "GET /wp-login.php?redirect_to=https%3A%2F%2Fabagraf.com.pl%2Fwp-admin%2Findex.php&reauth=1 HTTP/1.1" 200 3084 "https://abagraf.com.pl/wp-login.php" "Mozilla/5.0 (X11; Linux x86_64) Gecko/20100101 Firefox/122.0"
159.65.137.210 - - [17/Jun/2026:02:56:00 +0000] "POST /wp-login.php HTTP/1.1" 200 3246 "https://abagraf.com.pl/wp-login.php" "Mozilla/5.0 (Macintosh; Intel Mac OS X 10.15) Gecko/20100101 Firefox/120.0.1"
159.65.137.210 - - [17/Jun/2026:02:56:00 +0000] "GET /wp-admin/index.php HTTP/1.1" 302 5 "https://abagraf.com.pl/wp-login.php" "Mozilla/5.0 (Macintosh; Intel Mac OS X 10.15) Gecko/20100101 Firefox/120.0.1"
159.65.137.210 - - [17/Jun/2026:02:56:01 +0000] "GET /wp-login.php?redirect_to=https%3A%2F%2Fabagraf.com.pl%2Fwp-admin%2Findex.php&reauth=1 HTTP/1.1" 200 3084 "https://abagraf.com.pl/wp-login.php" "Mozilla/5.0 (Macintosh; Intel Mac OS X 10.15) Gecko/20100101 Firefox/120.0.1"
217.113.194.207 - - [17/Jun/2026:02:56:03 +0000] "GET /jak-obnizyc-koszty-druku-i-zwiekszyc-oszczednosci/ HTTP/1.1" 200 21725 "-" "Mozilla/5.0 (compatible; Barkrowler/0.9; +https://babbar.tech/crawler)"
159.65.137.210 - - [17/Jun/2026:02:56:03 +0000] "POST /wp-login.php HTTP/1.1" 200 3247 "https://abagraf.com.pl/wp-login.php" "Mozilla/5.0 (Macintosh; Intel Mac OS X 10_15_7) AppleWebKit/537.36 (KHTML, like Gecko) Chrome/121.0.6167.85 Safari/537.36"
159.65.137.210 - - [17/Jun/2026:02:56:03 +0000] "GET /wp-admin/index.php HTTP/1.1" 302 5 "https://abagraf.com.pl/wp-login.php" "Mozilla/5.0 (Macintosh; Intel Mac OS X 10_15_7) AppleWebKit/537.36 (KHTML, like Gecko) Chrome/121.0.6167.85 Safari/537.36"
159.65.137.210 - - [17/Jun/2026:02:56:04 +0000] "GET /wp-login.php?redirect_to=https%3A%2F%2Fabagraf.com.pl%2Fwp-admin%2Findex.php&reauth=1 HTTP/1.1" 200 3084 "https://abagraf.com.pl/wp-login.php" "Mozilla/5.0 (Macintosh; Intel Mac OS X 10_15_7) AppleWebKit/537.36 (KHTML, like Gecko) Chrome/121.0.6167.85 Safari/537.36"
159.65.137.210 - - [17/Jun/2026:02:56:06 +0000] "POST /wp-login.php HTTP/1.1" 200 3244 "https://abagraf.com.pl/wp-login.php" "Mozilla/5.0 (Macintosh; Intel Mac OS X 13_6_2) AppleWebKit/537.36 (KHTML, like Gecko) Chrome/119.0.6045.159 Safari/537.36"
159.65.137.210 - - [17/Jun/2026:02:56:07 +0000] "GET /wp-admin/index.php HTTP/1.1" 302 5 "https://abagraf.com.pl/wp-login.php" "Mozilla/5.0 (Macintosh; Intel Mac OS X 13_6_2) AppleWebKit/537.36 (KHTML, like Gecko) Chrome/119.0.6045.159 Safari/537.36"
159.65.137.210 - - [17/Jun/2026:02:56:07 +0000] "GET /wp-login.php?redirect_to=https%3A%2F%2Fabagraf.com.pl%2Fwp-admin%2Findex.php&reauth=1 HTTP/1.1" 200 3084 "https://abagraf.com.pl/wp-login.php" "Mozilla/5.0 (Macintosh; Intel Mac OS X 13_6_2) AppleWebKit/537.36 (KHTML, like Gecko) Chrome/119.0.6045.159 Safari/537.36"
159.65.137.210 - - [17/Jun/2026:02:56:09 +0000] "POST /wp-login.php HTTP/1.1" 200 3245 "https://abagraf.com.pl/wp-login.php" "Mozilla/5.0 (X11; Linux x86_64) Gecko/20100101 Firefox/118.0.2"
159.65.137.210 - - [17/Jun/2026:02:56:09 +0000] "GET /wp-admin/index.php HTTP/1.1" 302 5 "https://abagraf.com.pl/wp-login.php" "Mozilla/5.0 (X11; Linux x86_64) Gecko/20100101 Firefox/118.0.2"
159.65.137.210 - - [17/Jun/2026:02:56:10 +0000] "GET /wp-login.php?redirect_to=https%3A%2F%2Fabagraf.com.pl%2Fwp-admin%2Findex.php&reauth=1 HTTP/1.1" 200 3084 "https://abagraf.com.pl/wp-login.php" "Mozilla/5.0 (X11; Linux x86_64) Gecko/20100101 Firefox/118.0.2"
159.65.137.210 - - [17/Jun/2026:02:56:11 +0000] "POST /wp-login.php HTTP/1.1" 200 3245 "https://abagraf.com.pl/wp-login.php" "Mozilla/5.0 (X11; Linux x86_64) AppleWebKit/537.36 (KHTML, like Gecko) Chrome/118.0.5993.88 Safari/537.36"
159.65.137.210 - - [17/Jun/2026:02:56:12 +0000] "GET /wp-admin/index.php HTTP/1.1" 302 5 "https://abagraf.com.pl/wp-login.php" "Mozilla/5.0 (X11; Linux x86_64) AppleWebKit/537.36 (KHTML, like Gecko) Chrome/118.0.5993.88 Safari/537.36"
159.65.137.210 - - [17/Jun/2026:02:56:13 +0000] "GET /wp-login.php?redirect_to=https%3A%2F%2Fabagraf.com.pl%2Fwp-admin%2Findex.php&reauth=1 HTTP/1.1" 200 3084 "https://abagraf.com.pl/wp-login.php" "Mozilla/5.0 (X11; Linux x86_64) AppleWebKit/537.36 (KHTML, like Gecko) Chrome/118.0.5993.88 Safari/537.36"
159.65.137.210 - - [17/Jun/2026:02:56:14 +0000] "POST /wp-login.php HTTP/1.1" 200 3244 "https://abagraf.com.pl/wp-login.php" "Mozilla/5.0 (Windows NT 10.0; Win64; x64) AppleWebKit/537.36 (KHTML, like Gecko) Chrome/118.0.5993.88 Safari/537.36"
159.65.137.210 - - [17/Jun/2026:02:56:15 +0000] "GET /wp-admin/index.php HTTP/1.1" 302 5 "https://abagraf.com.pl/wp-login.php" "Mozilla/5.0 (Windows NT 10.0; Win64; x64) AppleWebKit/537.36 (KHTML, like Gecko) Chrome/118.0.5993.88 Safari/537.36"
159.65.137.210 - - [17/Jun/2026:02:56:16 +0000] "GET /wp-login.php?redirect_to=https%3A%2F%2Fabagraf.com.pl%2Fwp-admin%2Findex.php&reauth=1 HTTP/1.1" 200 3084 "https://abagraf.com.pl/wp-login.php" "Mozilla/5.0 (Windows NT 10.0; Win64; x64) AppleWebKit/537.36 (KHTML, like Gecko) Chrome/118.0.5993.88 Safari/537.36"
159.65.137.210 - - [17/Jun/2026:02:56:17 +0000] "POST /wp-login.php HTTP/1.1" 200 3244 "https://abagraf.com.pl/wp-login.php" "Mozilla/5.0 (Windows NT 10.0; Win64; x64) Gecko/20100101 Firefox/120.0.1"
159.65.137.210 - - [17/Jun/2026:02:56:18 +0000] "GET /wp-admin/index.php HTTP/1.1" 302 5 "https://abagraf.com.pl/wp-login.php" "Mozilla/5.0 (Windows NT 10.0; Win64; x64) Gecko/20100101 Firefox/120.0.1"
217.113.194.27 - - [17/Jun/2026:02:56:18 +0000] "GET /personalizacja-w-druku-cyfrowym-zwieksza-efektywnosc-marketingu-3/ HTTP/1.1" 200 21735 "-" "Mozilla/5.0 (compatible; Barkrowler/0.9; +https://babbar.tech/crawler)"
159.65.137.210 - - [17/Jun/2026:02:56:19 +0000] "GET /wp-login.php?redirect_to=https%3A%2F%2Fabagraf.com.pl%2Fwp-admin%2Findex.php&reauth=1 HTTP/1.1" 200 3084 "https://abagraf.com.pl/wp-login.php" "Mozilla/5.0 (Windows NT 10.0; Win64; x64) Gecko/20100101 Firefox/120.0.1"
159.65.137.210 - - [17/Jun/2026:02:56:20 +0000] "POST /wp-login.php HTTP/1.1" 200 3245 "https://abagraf.com.pl/wp-login.php" "Mozilla/5.0 (X11; Linux x86_64) Gecko/20100101 Firefox/121.0"
159.65.137.210 - - [17/Jun/2026:02:56:21 +0000] "GET /wp-admin/index.php HTTP/1.1" 302 5 "https://abagraf.com.pl/wp-login.php" "Mozilla/5.0 (X11; Linux x86_64) Gecko/20100101 Firefox/121.0"
159.65.137.210 - - [17/Jun/2026:02:56:22 +0000] "GET /wp-login.php?redirect_to=https%3A%2F%2Fabagraf.com.pl%2Fwp-admin%2Findex.php&reauth=1 HTTP/1.1" 200 3084 "https://abagraf.com.pl/wp-login.php" "Mozilla/5.0 (X11; Linux x86_64) Gecko/20100101 Firefox/121.0"
159.65.137.210 - - [17/Jun/2026:02:56:23 +0000] "POST /wp-login.php HTTP/1.1" 200 3246 "https://abagraf.com.pl/wp-login.php" "Mozilla/5.0 (X11; Linux x86_64) Gecko/20100101 Firefox/118.0.2"
159.65.137.210 - - [17/Jun/2026:02:56:24 +0000] "GET /wp-admin/index.php HTTP/1.1" 302 5 "https://abagraf.com.pl/wp-login.php" "Mozilla/5.0 (X11; Linux x86_64) Gecko/20100101 Firefox/118.0.2"
159.65.137.210 - - [17/Jun/2026:02:56:25 +0000] "GET /wp-login.php?redirect_to=https%3A%2F%2Fabagraf.com.pl%2Fwp-admin%2Findex.php&reauth=1 HTTP/1.1" 200 3084 "https://abagraf.com.pl/wp-login.php" "Mozilla/5.0 (X11; Linux x86_64) Gecko/20100101 Firefox/118.0.2"
159.65.137.210 - - [17/Jun/2026:02:56:26 +0000] "POST /wp-login.php HTTP/1.1" 200 3250 "https://abagraf.com.pl/wp-login.php" "Mozilla/5.0 (Macintosh; Intel Mac OS X 10_15_7) AppleWebKit/537.36 (KHTML, like Gecko) Chrome/118.0.5993.88 Safari/537.36"
159.65.137.210 - - [17/Jun/2026:02:56:27 +0000] "GET /wp-admin/index.php HTTP/1.1" 302 5 "https://abagraf.com.pl/wp-login.php" "Mozilla/5.0 (Macintosh; Intel Mac OS X 10_15_7) AppleWebKit/537.36 (KHTML, like Gecko) Chrome/118.0.5993.88 Safari/537.36"
159.65.137.210 - - [17/Jun/2026:02:56:27 +0000] "GET /wp-login.php?redirect_to=https%3A%2F%2Fabagraf.com.pl%2Fwp-admin%2Findex.php&reauth=1 HTTP/1.1" 200 3084 "https://abagraf.com.pl/wp-login.php" "Mozilla/5.0 (Macintosh; Intel Mac OS X 10_15_7) AppleWebKit/537.36 (KHTML, like Gecko) Chrome/118.0.5993.88 Safari/537.36"
159.65.137.210 - - [17/Jun/2026:02:56:29 +0000] "POST /wp-login.php HTTP/1.1" 200 3252 "https://abagraf.com.pl/wp-login.php" "Mozilla/5.0 (X11; Linux x86_64) Gecko/20100101 Firefox/121.0"
159.65.137.210 - - [17/Jun/2026:02:56:30 +0000] "GET /wp-admin/index.php HTTP/1.1" 302 5 "https://abagraf.com.pl/wp-login.php" "Mozilla/5.0 (X11; Linux x86_64) Gecko/20100101 Firefox/121.0"
159.65.137.210 - - [17/Jun/2026:02:56:30 +0000] "GET /wp-login.php?redirect_to=https%3A%2F%2Fabagraf.com.pl%2Fwp-admin%2Findex.php&reauth=1 HTTP/1.1" 200 3084 "https://abagraf.com.pl/wp-login.php" "Mozilla/5.0 (X11; Linux x86_64) Gecko/20100101 Firefox/121.0"
159.65.137.210 - - [17/Jun/2026:02:56:32 +0000] "POST /wp-login.php HTTP/1.1" 200 3195 "https://abagraf.com.pl/wp-login.php" "Mozilla/5.0 (Macintosh; Intel Mac OS X 10.15) Gecko/20100101 Firefox/121.0"
159.65.137.210 - - [17/Jun/2026:02:56:32 +0000] "GET /wp-admin/index.php HTTP/1.1" 302 5 "https://abagraf.com.pl/wp-login.php" "Mozilla/5.0 (Macintosh; Intel Mac OS X 10.15) Gecko/20100101 Firefox/121.0"
159.65.137.210 - - [17/Jun/2026:02:56:33 +0000] "GET /wp-login.php?redirect_to=https%3A%2F%2Fabagraf.com.pl%2Fwp-admin%2Findex.php&reauth=1 HTTP/1.1" 200 3084 "https://abagraf.com.pl/wp-login.php" "Mozilla/5.0 (Macintosh; Intel Mac OS X 10.15) Gecko/20100101 Firefox/121.0"
217.113.194.24 - - [17/Jun/2026:02:56:34 +0000] "GET /drukarnia-wloclawek-oferuje-innowacyjne-uslugi-poligraficzne/ HTTP/1.1" 200 20542 "-" "Mozilla/5.0 (compatible; Barkrowler/0.9; +https://babbar.tech/crawler)"
159.65.137.210 - - [17/Jun/2026:02:56:37 +0000] "POST /wp-login.php HTTP/1.1" 200 3247 "https://abagraf.com.pl/wp-login.php" "Mozilla/5.0 (X11; Linux x86_64) Gecko/20100101 Firefox/120.0.1"
159.65.137.210 - - [17/Jun/2026:02:56:37 +0000] "GET /wp-admin/index.php HTTP/1.1" 302 5 "https://abagraf.com.pl/wp-login.php" "Mozilla/5.0 (X11; Linux x86_64) Gecko/20100101 Firefox/120.0.1"
159.65.137.210 - - [17/Jun/2026:02:56:38 +0000] "GET /wp-login.php?redirect_to=https%3A%2F%2Fabagraf.com.pl%2Fwp-admin%2Findex.php&reauth=1 HTTP/1.1" 200 3084 "https://abagraf.com.pl/wp-login.php" "Mozilla/5.0 (X11; Linux x86_64) Gecko/20100101 Firefox/120.0.1"
159.65.137.210 - - [17/Jun/2026:02:56:39 +0000] "POST /wp-login.php HTTP/1.1" 200 3250 "https://abagraf.com.pl/wp-login.php" "Mozilla/5.0 (X11; Linux x86_64) Gecko/20100101 Firefox/118.0.2"
159.65.137.210 - - [17/Jun/2026:02:56:40 +0000] "GET /wp-admin/index.php HTTP/1.1" 302 5 "https://abagraf.com.pl/wp-login.php" "Mozilla/5.0 (X11; Linux x86_64) Gecko/20100101 Firefox/118.0.2"
159.65.137.210 - - [17/Jun/2026:02:56:41 +0000] "GET /wp-login.php?redirect_to=https%3A%2F%2Fabagraf.com.pl%2Fwp-admin%2Findex.php&reauth=1 HTTP/1.1" 200 3084 "https://abagraf.com.pl/wp-login.php" "Mozilla/5.0 (X11; Linux x86_64) Gecko/20100101 Firefox/118.0.2"
159.65.137.210 - - [17/Jun/2026:02:56:43 +0000] "POST /wp-login.php HTTP/1.1" 200 3250 "https://abagraf.com.pl/wp-login.php" "Mozilla/5.0 (X11; Linux x86_64) AppleWebKit/537.36 (KHTML, like Gecko) Chrome/122.0.6261.57 Safari/537.36"
159.65.137.210 - - [17/Jun/2026:02:56:43 +0000] "GET /wp-admin/index.php HTTP/1.1" 302 5 "https://abagraf.com.pl/wp-login.php" "Mozilla/5.0 (X11; Linux x86_64) AppleWebKit/537.36 (KHTML, like Gecko) Chrome/122.0.6261.57 Safari/537.36"
159.65.137.210 - - [17/Jun/2026:02:56:44 +0000] "GET /wp-login.php?redirect_to=https%3A%2F%2Fabagraf.com.pl%2Fwp-admin%2Findex.php&reauth=1 HTTP/1.1" 200 3084 "https://abagraf.com.pl/wp-login.php" "Mozilla/5.0 (X11; Linux x86_64) AppleWebKit/537.36 (KHTML, like Gecko) Chrome/122.0.6261.57 Safari/537.36"
159.65.137.210 - - [17/Jun/2026:02:56:46 +0000] "POST /wp-login.php HTTP/1.1" 200 3247 "https://abagraf.com.pl/wp-login.php" "Mozilla/5.0 (Macintosh; Intel Mac OS X 10.15) Gecko/20100101 Firefox/118.0.2"
159.65.137.210 - - [17/Jun/2026:02:56:47 +0000] "GET /wp-admin/index.php HTTP/1.1" 302 5 "https://abagraf.com.pl/wp-login.php" "Mozilla/5.0 (Macintosh; Intel Mac OS X 10.15) Gecko/20100101 Firefox/118.0.2"
159.65.137.210 - - [17/Jun/2026:02:56:47 +0000] "GET /wp-login.php?redirect_to=https%3A%2F%2Fabagraf.com.pl%2Fwp-admin%2Findex.php&reauth=1 HTTP/1.1" 200 3084 "https://abagraf.com.pl/wp-login.php" "Mozilla/5.0 (Macintosh; Intel Mac OS X 10.15) Gecko/20100101 Firefox/118.0.2"
159.65.137.210 - - [17/Jun/2026:02:56:49 +0000] "POST /wp-login.php HTTP/1.1" 200 3246 "https://abagraf.com.pl/wp-login.php" "Mozilla/5.0 (X11; Linux x86_64) Gecko/20100101 Firefox/120.0.1"
159.65.137.210 - - [17/Jun/2026:02:56:49 +0000] "GET /wp-admin/index.php HTTP/1.1" 302 5 "https://abagraf.com.pl/wp-login.php" "Mozilla/5.0 (X11; Linux x86_64) Gecko/20100101 Firefox/120.0.1"
217.113.194.23 - - [17/Jun/2026:02:56:50 +0000] "GET /drukarnia-torun-zapewnia-wysoka-jakosc-i-szybkie-realizacje/ HTTP/1.1" 200 21975 "-" "Mozilla/5.0 (compatible; Barkrowler/0.9; +https://babbar.tech/crawler)"
159.65.137.210 - - [17/Jun/2026:02:56:50 +0000] "GET /wp-login.php?redirect_to=https%3A%2F%2Fabagraf.com.pl%2Fwp-admin%2Findex.php&reauth=1 HTTP/1.1" 200 3084 "https://abagraf.com.pl/wp-login.php" "Mozilla/5.0 (X11; Linux x86_64) Gecko/20100101 Firefox/120.0.1"
159.65.137.210 - - [17/Jun/2026:02:56:52 +0000] "POST /wp-login.php HTTP/1.1" 200 3254 "https://abagraf.com.pl/wp-login.php" "Mozilla/5.0 (Windows NT 11.0; Win64; x64) AppleWebKit/537.36 (KHTML, like Gecko) Chrome/120.0.6099.130 Safari/537.36"
159.65.137.210 - - [17/Jun/2026:02:56:52 +0000] "GET /wp-admin/index.php HTTP/1.1" 302 5 "https://abagraf.com.pl/wp-login.php" "Mozilla/5.0 (Windows NT 11.0; Win64; x64) AppleWebKit/537.36 (KHTML, like Gecko) Chrome/120.0.6099.130 Safari/537.36"
159.65.137.210 - - [17/Jun/2026:02:56:53 +0000] "GET /wp-login.php?redirect_to=https%3A%2F%2Fabagraf.com.pl%2Fwp-admin%2Findex.php&reauth=1 HTTP/1.1" 200 3084 "https://abagraf.com.pl/wp-login.php" "Mozilla/5.0 (Windows NT 11.0; Win64; x64) AppleWebKit/537.36 (KHTML, like Gecko) Chrome/120.0.6099.130 Safari/537.36"
159.65.137.210 - - [17/Jun/2026:02:56:55 +0000] "POST /wp-login.php HTTP/1.1" 200 3250 "https://abagraf.com.pl/wp-login.php" "Mozilla/5.0 (Macintosh; Intel Mac OS X 13_6_2) AppleWebKit/537.36 (KHTML, like Gecko) Chrome/119.0.6045.159 Safari/537.36"
159.65.137.210 - - [17/Jun/2026:02:56:55 +0000] "GET /wp-admin/index.php HTTP/1.1" 302 5 "https://abagraf.com.pl/wp-login.php" "Mozilla/5.0 (Macintosh; Intel Mac OS X 13_6_2) AppleWebKit/537.36 (KHTML, like Gecko) Chrome/119.0.6045.159 Safari/537.36"
159.65.137.210 - - [17/Jun/2026:02:56:56 +0000] "GET /wp-login.php?redirect_to=https%3A%2F%2Fabagraf.com.pl%2Fwp-admin%2Findex.php&reauth=1 HTTP/1.1" 200 3084 "https://abagraf.com.pl/wp-login.php" "Mozilla/5.0 (Macintosh; Intel Mac OS X 13_6_2) AppleWebKit/537.36 (KHTML, like Gecko) Chrome/119.0.6045.159 Safari/537.36"
159.65.137.210 - - [17/Jun/2026:02:56:57 +0000] "POST /wp-login.php HTTP/1.1" 200 3246 "https://abagraf.com.pl/wp-login.php" "Mozilla/5.0 (Macintosh; Intel Mac OS X 10_15_7) AppleWebKit/537.36 (KHTML, like Gecko) Chrome/122.0.6261.57 Safari/537.36"
159.65.137.210 - - [17/Jun/2026:02:56:58 +0000] "GET /wp-admin/index.php HTTP/1.1" 302 5 "https://abagraf.com.pl/wp-login.php" "Mozilla/5.0 (Macintosh; Intel Mac OS X 10_15_7) AppleWebKit/537.36 (KHTML, like Gecko) Chrome/122.0.6261.57 Safari/537.36"
159.65.137.210 - - [17/Jun/2026:02:56:59 +0000] "GET /wp-login.php?redirect_to=https%3A%2F%2Fabagraf.com.pl%2Fwp-admin%2Findex.php&reauth=1 HTTP/1.1" 200 3084 "https://abagraf.com.pl/wp-login.php" "Mozilla/5.0 (Macintosh; Intel Mac OS X 10_15_7) AppleWebKit/537.36 (KHTML, like Gecko) Chrome/122.0.6261.57 Safari/537.36"
159.65.137.210 - - [17/Jun/2026:02:57:00 +0000] "POST /wp-login.php HTTP/1.1" 200 3243 "https://abagraf.com.pl/wp-login.php" "Mozilla/5.0 (Windows NT 11.0; Win64; x64) AppleWebKit/537.36 (KHTML, like Gecko) Chrome/120.0.6099.130 Safari/537.36"
159.65.137.210 - - [17/Jun/2026:02:57:01 +0000] "GET /wp-admin/index.php HTTP/1.1" 302 5 "https://abagraf.com.pl/wp-login.php" "Mozilla/5.0 (Windows NT 11.0; Win64; x64) AppleWebKit/537.36 (KHTML, like Gecko) Chrome/120.0.6099.130 Safari/537.36"
159.65.137.210 - - [17/Jun/2026:02:57:02 +0000] "GET /wp-login.php?redirect_to=https%3A%2F%2Fabagraf.com.pl%2Fwp-admin%2Findex.php&reauth=1 HTTP/1.1" 200 3084 "https://abagraf.com.pl/wp-login.php" "Mozilla/5.0 (Windows NT 11.0; Win64; x64) AppleWebKit/537.36 (KHTML, like Gecko) Chrome/120.0.6099.130 Safari/537.36"
159.65.137.210 - - [17/Jun/2026:02:57:03 +0000] "POST /wp-login.php HTTP/1.1" 200 3255 "https://abagraf.com.pl/wp-login.php" "Mozilla/5.0 (X11; Ubuntu; Linux x86_64) AppleWebKit/537.36 (KHTML, like Gecko) Chrome/120.0.6099.130 Safari/537.36"
159.65.137.210 - - [17/Jun/2026:02:57:04 +0000] "GET /wp-admin/index.php HTTP/1.1" 302 5 "https://abagraf.com.pl/wp-login.php" "Mozilla/5.0 (X11; Ubuntu; Linux x86_64) AppleWebKit/537.36 (KHTML, like Gecko) Chrome/120.0.6099.130 Safari/537.36"
159.65.137.210 - - [17/Jun/2026:02:57:05 +0000] "GET /wp-login.php?redirect_to=https%3A%2F%2Fabagraf.com.pl%2Fwp-admin%2Findex.php&reauth=1 HTTP/1.1" 200 3084 "https://abagraf.com.pl/wp-login.php" "Mozilla/5.0 (X11; Ubuntu; Linux x86_64) AppleWebKit/537.36 (KHTML, like Gecko) Chrome/120.0.6099.130 Safari/537.36"
217.113.194.30 - - [17/Jun/2026:02:57:05 +0000] "GET /jak-obnizyc-koszty-druku-i-zwiekszyc-oszczednosci-3/ HTTP/1.1" 200 20943 "-" "Mozilla/5.0 (compatible; Barkrowler/0.9; +https://babbar.tech/crawler)"
159.65.137.210 - - [17/Jun/2026:02:57:06 +0000] "POST /wp-login.php HTTP/1.1" 200 3195 "https://abagraf.com.pl/wp-login.php" "Mozilla/5.0 (Macintosh; Intel Mac OS X 13_6_2) AppleWebKit/537.36 (KHTML, like Gecko) Chrome/122.0.6261.57 Safari/537.36"
159.65.137.210 - - [17/Jun/2026:02:57:07 +0000] "GET /wp-admin/index.php HTTP/1.1" 302 5 "https://abagraf.com.pl/wp-login.php" "Mozilla/5.0 (Macintosh; Intel Mac OS X 13_6_2) AppleWebKit/537.36 (KHTML, like Gecko) Chrome/122.0.6261.57 Safari/537.36"
159.65.137.210 - - [17/Jun/2026:02:57:08 +0000] "GET /wp-login.php?redirect_to=https%3A%2F%2Fabagraf.com.pl%2Fwp-admin%2Findex.php&reauth=1 HTTP/1.1" 200 3084 "https://abagraf.com.pl/wp-login.php" "Mozilla/5.0 (Macintosh; Intel Mac OS X 13_6_2) AppleWebKit/537.36 (KHTML, like Gecko) Chrome/122.0.6261.57 Safari/537.36"
159.65.137.210 - - [17/Jun/2026:02:57:09 +0000] "POST /wp-login.php HTTP/1.1" 200 3247 "https://abagraf.com.pl/wp-login.php" "Mozilla/5.0 (X11; Ubuntu; Linux x86_64) AppleWebKit/537.36 (KHTML, like Gecko) Chrome/119.0.6045.159 Safari/537.36"
159.65.137.210 - - [17/Jun/2026:02:57:10 +0000] "GET /wp-admin/index.php HTTP/1.1" 302 5 "https://abagraf.com.pl/wp-login.php" "Mozilla/5.0 (X11; Ubuntu; Linux x86_64) AppleWebKit/537.36 (KHTML, like Gecko) Chrome/119.0.6045.159 Safari/537.36"
159.65.137.210 - - [17/Jun/2026:02:57:11 +0000] "GET /wp-login.php?redirect_to=https%3A%2F%2Fabagraf.com.pl%2Fwp-admin%2Findex.php&reauth=1 HTTP/1.1" 200 3084 "https://abagraf.com.pl/wp-login.php" "Mozilla/5.0 (X11; Ubuntu; Linux x86_64) AppleWebKit/537.36 (KHTML, like Gecko) Chrome/119.0.6045.159 Safari/537.36"
159.65.137.210 - - [17/Jun/2026:02:57:12 +0000] "POST /wp-login.php HTTP/1.1" 200 3244 "https://abagraf.com.pl/wp-login.php" "Mozilla/5.0 (X11; Linux x86_64) Gecko/20100101 Firefox/120.0.1"
159.65.137.210 - - [17/Jun/2026:02:57:13 +0000] "GET /wp-admin/index.php HTTP/1.1" 302 5 "https://abagraf.com.pl/wp-login.php" "Mozilla/5.0 (X11; Linux x86_64) Gecko/20100101 Firefox/120.0.1"
159.65.137.210 - - [17/Jun/2026:02:57:13 +0000] "GET /wp-login.php?redirect_to=https%3A%2F%2Fabagraf.com.pl%2Fwp-admin%2Findex.php&reauth=1 HTTP/1.1" 200 3084 "https://abagraf.com.pl/wp-login.php" "Mozilla/5.0 (X11; Linux x86_64) Gecko/20100101 Firefox/120.0.1"
159.65.137.210 - - [17/Jun/2026:02:57:15 +0000] "POST /wp-login.php HTTP/1.1" 200 3251 "https://abagraf.com.pl/wp-login.php" "Mozilla/5.0 (X11; Linux x86_64) Gecko/20100101 Firefox/122.0"
159.65.137.210 - - [17/Jun/2026:02:57:16 +0000] "GET /wp-admin/index.php HTTP/1.1" 302 5 "https://abagraf.com.pl/wp-login.php" "Mozilla/5.0 (X11; Linux x86_64) Gecko/20100101 Firefox/122.0"
159.65.137.210 - - [17/Jun/2026:02:57:16 +0000] "GET /wp-login.php?redirect_to=https%3A%2F%2Fabagraf.com.pl%2Fwp-admin%2Findex.php&reauth=1 HTTP/1.1" 200 3084 "https://abagraf.com.pl/wp-login.php" "Mozilla/5.0 (X11; Linux x86_64) Gecko/20100101 Firefox/122.0"
159.65.137.210 - - [17/Jun/2026:02:57:18 +0000] "POST /wp-login.php HTTP/1.1" 200 3256 "https://abagraf.com.pl/wp-login.php" "Mozilla/5.0 (Macintosh; Intel Mac OS X 13_6_2) AppleWebKit/537.36 (KHTML, like Gecko) Chrome/122.0.6261.57 Safari/537.36"
159.65.137.210 - - [17/Jun/2026:02:57:18 +0000] "GET /wp-admin/index.php HTTP/1.1" 302 5 "https://abagraf.com.pl/wp-login.php" "Mozilla/5.0 (Macintosh; Intel Mac OS X 13_6_2) AppleWebKit/537.36 (KHTML, like Gecko) Chrome/122.0.6261.57 Safari/537.36"
